{"id":129,"date":"2024-02-19T12:08:11","date_gmt":"2024-02-19T12:08:11","guid":{"rendered":"https:\/\/blog.yoopies.lt\/ieskau-aukles\/kaip-surasti-tinkama-aukle\/"},"modified":"2025-06-12T08:48:24","modified_gmt":"2025-06-12T08:48:24","slug":"kaip-surasti-tinkama-aukle","status":"publish","type":"page","link":"https:\/\/yoopies.lt\/c\/ieskau-aukles\/kaip-surasti-tinkama-aukle\/","title":{"rendered":"Ie\u0161kau aukl\u0117s: Kaip rasti tinkam\u0105 aukl\u0119?"},"content":{"rendered":"<p><p>Jei turite ma\u017e\u0173 vaik\u0173, tikriausiai esate susid\u016br\u0119 su klausimu, kaip rasti tinkam\u0105 aukl\u0119, kuri saugiai ir gerai pri\u017ei\u016br\u0117t\u0173 j\u016bs\u0173 vaikus. Visi norime, kad m\u016bs\u0173 vaikai b\u016bt\u0173 saug\u016bs, laimingi ir gerai pri\u017ei\u016br\u0117ti, tod\u0117l svarbu rasti aukl\u0119, kuri atitikt\u0173 visus m\u016bs\u0173 reikalavimus. &Scaron;iame straipsnyje pateiksime kelis patarimus, kaip rasti tinkam\u0105 aukl\u0119 j\u016bs\u0173 vaikams.<\/p>\n<\/p>\n<p><h4><strong>1. Ie&scaron;kokite rekomendacij\u0173<\/strong><\/h4>\n<p>Geriausias b\u016bdas rasti patikim\u0105 aukl\u0119 yra ie&scaron;koti rekomendacij\u0173. Paklauskite savo draug\u0173 ir &scaron;eimos nari\u0173, ar jie \u017eino aukl\u0119, kuri\u0105 jie gal\u0117t\u0173 rekomenduoti. Be to, galite ie&scaron;koti internete ir per\u017ei\u016br\u0117ti \u012fvairias aukli\u0173 agent\u016bras, kurios si\u016blo aukl\u0117s paslaugas. &#8222;Yoopies&#8221; galite matyti aukles savo gyvenviet\u0117je bei rinktis pagal jums priimtinus kriterijus: atlyginimas, prieinamumas, patirtis, rekomendacijos bei kt. <\/p>\n<\/p>\n<h4><strong>2. Patikrinkite aukl\u0117s patirt\u012f ir kvalifikacij\u0105<\/strong><\/h4>\n<p>Prie&scaron; pasirenkant aukl\u0119, svarbu patikrinti jos patirt\u012f ir kvalifikacij\u0105. Patikrinkite, ar aukl\u0117 turi reikiam\u0105 patirt\u012f vaik\u0173 prie\u017ei\u016broje ir ar turi atitinkam\u0105 kvalifikacij\u0105. Galite taip pat papra&scaron;yti per\u017ei\u016br\u0117ti jos rekomendacijas ir atsiliepimus i&scaron; ankstesni\u0173 darbdavi\u0173. Valandin\u0117 aukl\u0117 gali tur\u0117ti ma\u017eiau patirties, ta\u010diau galb\u016bt to u\u017eteks retkar\u010diais i&scaron;leisti jus susitvarkyti reikal\u0173.<\/p>\n<\/p>\n<h4><strong>3. Susipa\u017einkite su aukl\u0117s asmenyb\u0117s savyb\u0117mis<\/strong><\/h4>\n<p>Svarbu ne tik atrinkti aukl\u0119, turin\u010di\u0105 reikiam\u0105 patirt\u012f ir kvalifikacij\u0105, bet ir susipa\u017einti su jos asmenyb\u0117s savyb\u0117mis. Patikrinkite, ar aukl\u0117 turi gerus tarpasmeninius \u012fg\u016bd\u017eius ir ar yra draugi&scaron;ka, pasitikinti verta asmenyb\u0117. Tai ypa\u010d svarbu, jei aukl\u0117 tur\u0117s ilgai bendrauti su j\u016bs\u0173 vaikais. Tai puiki galimyb\u0117 jums u\u017eduoti svarbius klausimus ir &scaron;iek tiek daugiau su\u017einoti apie kandidat\u0105 \u012f j\u016bs\u0173 vaik\u0173 prie\u017ei\u016br\u0105. Daugiau apie aukl\u0117s interviu skaitykite <a href=\"https:\/\/yoopies.lt\/c\/ieskau-aukles\/aukles-interviu-klausimai\">\u010dia<\/a>.<\/p>\n<\/p>\n<h4><strong>4. Susitarkite d\u0117l reikalavim\u0173<\/strong><\/h4>\n<p>Prie&scaron; pasira&scaron;ant sutart\u012f su aukle, svarbu susitarti d\u0117l reikalavim\u0173. Pasikalb\u0117kite apie mok\u0117jim\u0105, darbo laik\u0105, atostogas, atsakomyb\u0119 ir kitus dalykus, kurie jums svarb\u016bs. Svarbu, kad abiej\u0173 pus\u0173 l\u016bkes\u010diai ir reikalavimai b\u016bt\u0173 ai&scaron;kiai suformuluoti.<\/p>\n<\/p>\n<h4><strong>5. B\u016bkite atsarg\u016bs ir pasitikrinkite dokumentus<\/strong><\/h4>\n<p>Kai pasirinkote aukl\u0119, b\u016bkite atsarg\u016bs ir patikrinkite jos dokumentus, pvz., gydytojo pa\u017eym\u0105, draudim\u0105 nuo nelaiming\u0173 atsitikim\u0173 ir tt. Taip pat patikrinkite, ar aukl\u0117 yra registruota ir legaliai dirba, kad i&scaron;vengtum\u0117te bet koki\u0173 problem\u0173 ateityje.<\/p>\n<p>Rasti tinkam\u0105 aukl\u0119 gali b\u016bti sunku, bet tai yra svarbu, kad j\u016bs\u0173 vaikai b\u016bt\u0173 gerai pri\u017ei\u016brimi ir saug\u016bs. Ie&scaron;kokite rekomendacij\u0173, patikrinkite aukl\u0117s patirt\u012f ir kvalifikacij\u0105, susipa\u017einkite su jos asmenyb\u0117s savyb\u0117mis, susitarkite d\u0117l reikalavim\u0173 ir b\u016bkite atsarg\u016bs, patikrinant dokumentus. <\/p>\n<\/p>\n<h4><strong>6. Pasibandymas<\/strong><\/h4>\n<p>Kai tik manote, kad pasirinkote tinkam\u0105 aukl\u0119, &bdquo;Yoopies&ldquo; visuomet si\u016blome pasim\u0117ginti, kai j\u016bs esate namuose. Patyrusi aukl\u0117 &scaron;\u012f pra&scaron;ym\u0105 turb\u016bt gird\u0117jo daug kart\u0173 ir tur\u0117t\u0173 mielai sutikti. Atliekant pasibandym\u0105, gal\u0117site steb\u0117ti, kaip aukl\u0117s bendrauja su j\u016bs\u0173 vaikais. Ar jums patinka jos stilius? Ar bendravimas \u017eaismingas, pamokantis? Ar j\u0173 po\u017ei\u016bris \u012f disciplin\u0105 pana&scaron;us \u012f j\u016bs\u0173? Kaip j\u016bs\u0173 vaikai reaguoja \u012f kandidat\u0105? Matydami, kaip aukl\u0117s s\u0105veikauja su j\u016bs\u0173 vaikais, gal\u0117site \u012fsitikinti, ar pri\u0117m\u0117te teising\u0105 sprendim\u0105.<\/p>\n<\/p>\n<h4><strong>7. Informacija auklei<\/strong><\/h4>\n<p>Per\u017ei\u016br\u0117jus rekomendacijas bei nusta\u010dius ai&scaron;kius l\u016bkes\u010dius, esate pasiruo&scaron;\u0119 aukl\u0117s \u012fdarbinimui! Prie&scaron; palikdami aukl\u0119 vien\u0105 su savo vaikais, labai svarbu, kad paliktum\u0117te popieriaus lap\u0105 su visa reikalinga informacija, kuri gali b\u016bti naudinga j\u016bs\u0173 auklei bei laikyti j\u012f patogioje vietoje, pavyzd\u017eiui, &scaron;alia telefono.<\/p>\n<p>S\u0105ra&scaron;e tur\u0117t\u0173 b\u016bti:<\/p>\n<p>&#8211; Vardas, adresas, telefono numeris. Tokiu b\u016bdu u\u017etikrinsite, kad aukl\u0117 tur\u0117s vis\u0105 reikaling\u0105 informacij\u0105, kuri gali b\u016bti reikalinga skubios pagalbos atveju.<\/p>\n<p>&#8211; J\u016bs\u0173 gydytojo, policijos ir prie&scaron;gaisrin\u0117s tarnybos telefono numeriai.<\/p>\n<p>&#8211; Kita informacija d\u0117l maisto, vaist\u0173 vartojimo ar pan.<\/p>\n<p>&#8211; Laikas, kada planuojate gr\u012f\u017eti. \u017dinoma, jei pasikeit\u0117 planai, ir gry&scaron;ite v\u0117liau, nei planavote &#8211; nepamir&scaron;kite informuoti aukl\u0117s.<\/p>\n<\/p>\n<h4><strong>8. Pirma vaiko prie\u017ei\u016bros diena<\/strong><\/h4>\n<p>&bdquo;Yoopies&ldquo; rekomenduojame, atvykus auklei \u012f j\u016bs\u0173 namus, pasilikti namuose ma\u017edaug 15 minu\u010di\u0173, kol j\u016bs\u0173 vaikai apsipras su nauju veidu. Nenustebkite, jei jums m\u0117ginant palikti namus, vaikas nusimins. Galite b\u016bti tikri, kad aukl\u0117 bus pripratusi prie &scaron;ios situacijos ir tur\u0117s \u012fg\u016bd\u017ei\u0173 atitraukti vaiko d\u0117mes\u012f bei nuraminti &#8211; vis d\u0117l to tai jos kasdienis darbas.<\/p>\n<\/p>\n<p>Prie&scaron; i&scaron;einant, b\u016bt\u0173 gerai auklei aprodyti namus. Kur yra pirmosios pagalbos rinkinys? Kaip jie naudoja technologijas namuose? Taip pat tur\u0117tum\u0117te informuoti aukl\u0119 apie tai, kokie u\u017ekand\u017eiai ir (arba) valgiai leid\u017eiami vaikams bei ar auklei taipogi yra palikta maisto. Savaime suprantama, kad gali b\u016bti sunku nar&scaron;yti po nauj\u0105 virtuv\u0119, tod\u0117l b\u016btini virtuv\u0117s reikmenys tur\u0117t\u0173 b\u016bti palikti matomoje vietoje arba tuomet reik\u0117t\u0173 supa\u017eindinti aukl\u0119 su virtuve, kur k\u0105 galima rasti.<\/p>\n<\/p>\n<p>Galiausiai, j\u016bs jau esate pasiruo&scaron;\u0119 i&scaron;eiti pro duris ir pasid\u017eiaugti savo laiku. Kiekviena mama nerimauja pirm\u0105 kart\u0105 paliekant savo vaikus auklei, ta\u010diau galvokite, jog j\u016bs\u0173 berniukas ar mergait\u0117 puikiai praleis laik\u0105! Tad m\u0117gaukit\u0117s savo laiku! Daugiau apie aukl\u0117s paie&scaron;k\u0105 skaitykite <a href=\"https:\/\/yoopies.lt\/c\/ieskau-aukles\">\u010dia<\/a>.<\/p>\n<\/p>\n<p><em>Ie&scaron;kodami aukl\u0117s savo vietov\u0117je, galite naudotis m\u016bs\u0173 internetine platforma &bdquo;<a target=\"_blank\" rel=\"noopener\" href=\"https:\/\/yoopies.lt\/aukle\">Yoopies.lt&ldquo;<\/a>. Tiesiog \u012fveskite savo pa&scaron;to kod\u0105 ir nar&scaron;ykite po aukli\u0173 profilius visai &scaron;alia savo nam\u0173. Pritaikykite paie&scaron;k\u0105 pagal savo unikalius &scaron;eimos poreikius ir reikalavimus, kad rastum\u0117te jums tinkam\u0105 aukl\u0119.<\/em><\/p>\n<\/p>\n<p><a class=\"button\" href=\"https:\/\/yoopies.lt\/aukles\">IE\u0160KOTI AUKL\u0116S!<\/a><\/p>\n<figure><img decoding=\"async\" src=\"https:\/\/yoopies.lt\/c\/wp-content\/uploads\/sites\/12\/2024\/02\/2b62ab34683a773e67c77801505860d0c858dccf-shutterstock-1074808340.jpg\" \/><\/figure>\n","protected":false},"excerpt":{"rendered":"<p>Jei turite ma\u017e\u0173 vaik\u0173, tikriausiai esate susid\u016br\u0119 su klausimu, kaip rasti tinkam\u0105 aukl\u0119, kuri saugiai &hellip; <\/p>\n","protected":false},"author":10,"featured_media":131,"parent":43,"menu_order":0,"comment_status":"closed","ping_status":"closed","template":"","meta":{"_acf_changed":false,"footnotes":""},"class_list":["post-129","page","type-page","status-publish","has-post-thumbnail","hentry"],"acf":[],"yoast_head":"<!-- This site is optimized with the Yoast SEO plugin v26.9 - https:\/\/yoast.com\/product\/yoast-seo-wordpress\/ -->\n<title>Ie\u0161kau aukl\u0117s: Kaip rasti tinkam\u0105 aukl\u0119?<\/title>\n<meta name=\"description\" content=\"S\u0117kmingos aukl\u0117s paie\u0161kos patarimai. Surask aukl\u0119, kuria gal\u0117si pasitik\u0117ti: geriausi patarimai, kuriuos pravartu \u017einoti.\" \/>\n<meta name=\"robots\" content=\"index, follow, max-snippet:-1, max-image-preview:large, max-video-preview:-1\" \/>\n<link rel=\"canonical\" href=\"https:\/\/yoopies.lt\/c\/ieskau-aukles\/kaip-surasti-tinkama-aukle\/\" \/>\n<meta property=\"og:locale\" content=\"lt_LT\" \/>\n<meta property=\"og:type\" content=\"article\" \/>\n<meta property=\"og:title\" content=\"Ie\u0161kau aukl\u0117s: Kaip rasti tinkam\u0105 aukl\u0119?\" \/>\n<meta property=\"og:description\" content=\"S\u0117kmingos aukl\u0117s paie\u0161kos patarimai. Surask aukl\u0119, kuria gal\u0117si pasitik\u0117ti: geriausi patarimai, kuriuos pravartu \u017einoti.\" \/>\n<meta property=\"og:url\" content=\"https:\/\/yoopies.lt\/c\/ieskau-aukles\/kaip-surasti-tinkama-aukle\/\" \/>\n<meta property=\"og:site_name\" content=\"Yoopies Lietuva Blog\" \/>\n<meta property=\"article:modified_time\" content=\"2025-06-12T08:48:24+00:00\" \/>\n<meta property=\"og:image\" content=\"https:\/\/yoopies.lt\/c\/wp-content\/uploads\/sites\/12\/2024\/02\/9135a2e969211a21524c72c15ca071c9c825d150-shutterstock-1074808340.jpg\" \/>\n\t<meta property=\"og:image:width\" content=\"1200\" \/>\n\t<meta property=\"og:image:height\" content=\"800\" \/>\n\t<meta property=\"og:image:type\" content=\"image\/jpeg\" \/>\n<meta name=\"twitter:card\" content=\"summary_large_image\" \/>\n<meta name=\"twitter:label1\" content=\"Est. reading time\" \/>\n\t<meta name=\"twitter:data1\" content=\"5 minut\u0117s\" \/>\n<script type=\"application\/ld+json\" class=\"yoast-schema-graph\">{\"@context\":\"https:\/\/schema.org\",\"@graph\":[{\"@type\":\"WebPage\",\"@id\":\"https:\/\/yoopies.lt\/c\/ieskau-aukles\/kaip-surasti-tinkama-aukle\/\",\"url\":\"https:\/\/yoopies.lt\/c\/ieskau-aukles\/kaip-surasti-tinkama-aukle\/\",\"name\":\"Ie\u0161kau aukl\u0117s: Kaip rasti tinkam\u0105 aukl\u0119?\",\"isPartOf\":{\"@id\":\"https:\/\/yoopies.lt\/c\/#website\"},\"primaryImageOfPage\":{\"@id\":\"https:\/\/yoopies.lt\/c\/ieskau-aukles\/kaip-surasti-tinkama-aukle\/#primaryimage\"},\"image\":{\"@id\":\"https:\/\/yoopies.lt\/c\/ieskau-aukles\/kaip-surasti-tinkama-aukle\/#primaryimage\"},\"thumbnailUrl\":\"https:\/\/yoopies.lt\/c\/wp-content\/uploads\/sites\/12\/2024\/02\/9135a2e969211a21524c72c15ca071c9c825d150-shutterstock-1074808340.jpg\",\"datePublished\":\"2024-02-19T12:08:11+00:00\",\"dateModified\":\"2025-06-12T08:48:24+00:00\",\"description\":\"S\u0117kmingos aukl\u0117s paie\u0161kos patarimai. Surask aukl\u0119, kuria gal\u0117si pasitik\u0117ti: geriausi patarimai, kuriuos pravartu \u017einoti.\",\"breadcrumb\":{\"@id\":\"https:\/\/yoopies.lt\/c\/ieskau-aukles\/kaip-surasti-tinkama-aukle\/#breadcrumb\"},\"inLanguage\":\"lt-LT\",\"potentialAction\":[{\"@type\":\"ReadAction\",\"target\":[\"https:\/\/yoopies.lt\/c\/ieskau-aukles\/kaip-surasti-tinkama-aukle\/\"]}]},{\"@type\":\"ImageObject\",\"inLanguage\":\"lt-LT\",\"@id\":\"https:\/\/yoopies.lt\/c\/ieskau-aukles\/kaip-surasti-tinkama-aukle\/#primaryimage\",\"url\":\"https:\/\/yoopies.lt\/c\/wp-content\/uploads\/sites\/12\/2024\/02\/9135a2e969211a21524c72c15ca071c9c825d150-shutterstock-1074808340.jpg\",\"contentUrl\":\"https:\/\/yoopies.lt\/c\/wp-content\/uploads\/sites\/12\/2024\/02\/9135a2e969211a21524c72c15ca071c9c825d150-shutterstock-1074808340.jpg\",\"width\":1200,\"height\":800},{\"@type\":\"BreadcrumbList\",\"@id\":\"https:\/\/yoopies.lt\/c\/ieskau-aukles\/kaip-surasti-tinkama-aukle\/#breadcrumb\",\"itemListElement\":[{\"@type\":\"ListItem\",\"position\":1,\"name\":\"Home\",\"item\":\"https:\/\/yoopies.lt\/c\/\"},{\"@type\":\"ListItem\",\"position\":2,\"name\":\"Kaip rasti tinkam\u0105 aukl\u0119: patarimai ir gudryb\u0117s\",\"item\":\"https:\/\/yoopies.lt\/c\/ieskau-aukles\/\"},{\"@type\":\"ListItem\",\"position\":3,\"name\":\"Ie\u0161kau aukl\u0117s: Kaip rasti tinkam\u0105 aukl\u0119?\"}]},{\"@type\":\"WebSite\",\"@id\":\"https:\/\/yoopies.lt\/c\/#website\",\"url\":\"https:\/\/yoopies.lt\/c\/\",\"name\":\"Yoopies Lietuva Blog\",\"description\":\"\",\"publisher\":{\"@id\":\"https:\/\/yoopies.lt\/c\/#organization\"},\"potentialAction\":[{\"@type\":\"SearchAction\",\"target\":{\"@type\":\"EntryPoint\",\"urlTemplate\":\"https:\/\/yoopies.lt\/c\/?s={search_term_string}\"},\"query-input\":{\"@type\":\"PropertyValueSpecification\",\"valueRequired\":true,\"valueName\":\"search_term_string\"}}],\"inLanguage\":\"lt-LT\"},{\"@type\":\"Organization\",\"@id\":\"https:\/\/yoopies.lt\/c\/#organization\",\"name\":\"Yoopies Lietuva Blog\",\"url\":\"https:\/\/yoopies.lt\/c\/\",\"logo\":{\"@type\":\"ImageObject\",\"inLanguage\":\"lt-LT\",\"@id\":\"https:\/\/yoopies.lt\/c\/#\/schema\/logo\/image\/\",\"url\":\"https:\/\/yoopies.lt\/c\/wp-content\/uploads\/sites\/12\/2025\/05\/cropped-Logo_Yoopies-2.png\",\"contentUrl\":\"https:\/\/yoopies.lt\/c\/wp-content\/uploads\/sites\/12\/2025\/05\/cropped-Logo_Yoopies-2.png\",\"width\":512,\"height\":512,\"caption\":\"Yoopies Lietuva Blog\"},\"image\":{\"@id\":\"https:\/\/yoopies.lt\/c\/#\/schema\/logo\/image\/\"}}]}<\/script>\n<!-- \/ Yoast SEO plugin. -->","yoast_head_json":{"title":"Ie\u0161kau aukl\u0117s: Kaip rasti tinkam\u0105 aukl\u0119?","description":"S\u0117kmingos aukl\u0117s paie\u0161kos patarimai. Surask aukl\u0119, kuria gal\u0117si pasitik\u0117ti: geriausi patarimai, kuriuos pravartu \u017einoti.","robots":{"index":"index","follow":"follow","max-snippet":"max-snippet:-1","max-image-preview":"max-image-preview:large","max-video-preview":"max-video-preview:-1"},"canonical":"https:\/\/yoopies.lt\/c\/ieskau-aukles\/kaip-surasti-tinkama-aukle\/","og_locale":"lt_LT","og_type":"article","og_title":"Ie\u0161kau aukl\u0117s: Kaip rasti tinkam\u0105 aukl\u0119?","og_description":"S\u0117kmingos aukl\u0117s paie\u0161kos patarimai. Surask aukl\u0119, kuria gal\u0117si pasitik\u0117ti: geriausi patarimai, kuriuos pravartu \u017einoti.","og_url":"https:\/\/yoopies.lt\/c\/ieskau-aukles\/kaip-surasti-tinkama-aukle\/","og_site_name":"Yoopies Lietuva Blog","article_modified_time":"2025-06-12T08:48:24+00:00","og_image":[{"width":1200,"height":800,"url":"https:\/\/yoopies.lt\/c\/wp-content\/uploads\/sites\/12\/2024\/02\/9135a2e969211a21524c72c15ca071c9c825d150-shutterstock-1074808340.jpg","type":"image\/jpeg"}],"twitter_card":"summary_large_image","twitter_misc":{"Est. reading time":"5 minut\u0117s"},"schema":{"@context":"https:\/\/schema.org","@graph":[{"@type":"WebPage","@id":"https:\/\/yoopies.lt\/c\/ieskau-aukles\/kaip-surasti-tinkama-aukle\/","url":"https:\/\/yoopies.lt\/c\/ieskau-aukles\/kaip-surasti-tinkama-aukle\/","name":"Ie\u0161kau aukl\u0117s: Kaip rasti tinkam\u0105 aukl\u0119?","isPartOf":{"@id":"https:\/\/yoopies.lt\/c\/#website"},"primaryImageOfPage":{"@id":"https:\/\/yoopies.lt\/c\/ieskau-aukles\/kaip-surasti-tinkama-aukle\/#primaryimage"},"image":{"@id":"https:\/\/yoopies.lt\/c\/ieskau-aukles\/kaip-surasti-tinkama-aukle\/#primaryimage"},"thumbnailUrl":"https:\/\/yoopies.lt\/c\/wp-content\/uploads\/sites\/12\/2024\/02\/9135a2e969211a21524c72c15ca071c9c825d150-shutterstock-1074808340.jpg","datePublished":"2024-02-19T12:08:11+00:00","dateModified":"2025-06-12T08:48:24+00:00","description":"S\u0117kmingos aukl\u0117s paie\u0161kos patarimai. Surask aukl\u0119, kuria gal\u0117si pasitik\u0117ti: geriausi patarimai, kuriuos pravartu \u017einoti.","breadcrumb":{"@id":"https:\/\/yoopies.lt\/c\/ieskau-aukles\/kaip-surasti-tinkama-aukle\/#breadcrumb"},"inLanguage":"lt-LT","potentialAction":[{"@type":"ReadAction","target":["https:\/\/yoopies.lt\/c\/ieskau-aukles\/kaip-surasti-tinkama-aukle\/"]}]},{"@type":"ImageObject","inLanguage":"lt-LT","@id":"https:\/\/yoopies.lt\/c\/ieskau-aukles\/kaip-surasti-tinkama-aukle\/#primaryimage","url":"https:\/\/yoopies.lt\/c\/wp-content\/uploads\/sites\/12\/2024\/02\/9135a2e969211a21524c72c15ca071c9c825d150-shutterstock-1074808340.jpg","contentUrl":"https:\/\/yoopies.lt\/c\/wp-content\/uploads\/sites\/12\/2024\/02\/9135a2e969211a21524c72c15ca071c9c825d150-shutterstock-1074808340.jpg","width":1200,"height":800},{"@type":"BreadcrumbList","@id":"https:\/\/yoopies.lt\/c\/ieskau-aukles\/kaip-surasti-tinkama-aukle\/#breadcrumb","itemListElement":[{"@type":"ListItem","position":1,"name":"Home","item":"https:\/\/yoopies.lt\/c\/"},{"@type":"ListItem","position":2,"name":"Kaip rasti tinkam\u0105 aukl\u0119: patarimai ir gudryb\u0117s","item":"https:\/\/yoopies.lt\/c\/ieskau-aukles\/"},{"@type":"ListItem","position":3,"name":"Ie\u0161kau aukl\u0117s: Kaip rasti tinkam\u0105 aukl\u0119?"}]},{"@type":"WebSite","@id":"https:\/\/yoopies.lt\/c\/#website","url":"https:\/\/yoopies.lt\/c\/","name":"Yoopies Lietuva Blog","description":"","publisher":{"@id":"https:\/\/yoopies.lt\/c\/#organization"},"potentialAction":[{"@type":"SearchAction","target":{"@type":"EntryPoint","urlTemplate":"https:\/\/yoopies.lt\/c\/?s={search_term_string}"},"query-input":{"@type":"PropertyValueSpecification","valueRequired":true,"valueName":"search_term_string"}}],"inLanguage":"lt-LT"},{"@type":"Organization","@id":"https:\/\/yoopies.lt\/c\/#organization","name":"Yoopies Lietuva Blog","url":"https:\/\/yoopies.lt\/c\/","logo":{"@type":"ImageObject","inLanguage":"lt-LT","@id":"https:\/\/yoopies.lt\/c\/#\/schema\/logo\/image\/","url":"https:\/\/yoopies.lt\/c\/wp-content\/uploads\/sites\/12\/2025\/05\/cropped-Logo_Yoopies-2.png","contentUrl":"https:\/\/yoopies.lt\/c\/wp-content\/uploads\/sites\/12\/2025\/05\/cropped-Logo_Yoopies-2.png","width":512,"height":512,"caption":"Yoopies Lietuva Blog"},"image":{"@id":"https:\/\/yoopies.lt\/c\/#\/schema\/logo\/image\/"}}]}},"_links":{"self":[{"href":"https:\/\/yoopies.lt\/c\/wp-json\/wp\/v2\/pages\/129","targetHints":{"allow":["GET"]}}],"collection":[{"href":"https:\/\/yoopies.lt\/c\/wp-json\/wp\/v2\/pages"}],"about":[{"href":"https:\/\/yoopies.lt\/c\/wp-json\/wp\/v2\/types\/page"}],"author":[{"embeddable":true,"href":"https:\/\/yoopies.lt\/c\/wp-json\/wp\/v2\/users\/10"}],"replies":[{"embeddable":true,"href":"https:\/\/yoopies.lt\/c\/wp-json\/wp\/v2\/comments?post=129"}],"version-history":[{"count":1,"href":"https:\/\/yoopies.lt\/c\/wp-json\/wp\/v2\/pages\/129\/revisions"}],"predecessor-version":[{"id":132,"href":"https:\/\/yoopies.lt\/c\/wp-json\/wp\/v2\/pages\/129\/revisions\/132"}],"up":[{"embeddable":true,"href":"https:\/\/yoopies.lt\/c\/wp-json\/wp\/v2\/pages\/43"}],"wp:featuredmedia":[{"embeddable":true,"href":"https:\/\/yoopies.lt\/c\/wp-json\/wp\/v2\/media\/131"}],"wp:attachment":[{"href":"https:\/\/yoopies.lt\/c\/wp-json\/wp\/v2\/media?parent=129"}],"curies":[{"name":"wp","href":"https:\/\/api.w.org\/{rel}","templated":true}]}}