{"id":146,"date":"2020-05-27T14:20:40","date_gmt":"2020-05-27T14:20:40","guid":{"rendered":"https:\/\/blog.yoopies.lt\/ieskau-aukles\/lengvata-uz-aukles-paslaugas\/"},"modified":"2025-06-12T08:48:24","modified_gmt":"2025-06-12T08:48:24","slug":"lengvata-uz-aukles-paslaugas","status":"publish","type":"page","link":"https:\/\/yoopies.lt\/c\/ieskau-aukles\/lengvata-uz-aukles-paslaugas\/","title":{"rendered":"Susigr\u0105\u017einkite pinig\u0173 u\u017e vaik\u0173 prie\u017ei\u016bros paslaugas"},"content":{"rendered":"<p><p>Pagal Lietuvos Respublikos gyventoj\u0173 pajam\u0173 mokes\u010dio \u012fstatymo 21 straipsnio 1 dalies 4 punkto nuostatas nuo 2019-01-01 nuolatinis Lietuvos gyventojas i&scaron; 2019, 2020 ir 2021 metais gaut\u0173 pajam\u0173 tur\u0117s teis\u0119 atimti sumas, atitinkamais metais sumok\u0117tas u\u017e paties gyventojo ar jo sutuoktinio naudai suteiktas nepilname\u010di\u0173 vaik\u0173 (\u012fvaiki\u0173, globotini\u0173, kuriems nustatyta nuolatin\u0117 globa (r\u016bpyba) &scaron;eimoje) iki 18 met\u0173 prie\u017ei\u016bros paslaugas.<\/p>\n<p>Tokios vaik\u0173 prie\u017ei\u016bros paslaugos tur\u0117s b\u016bti teikiamos oficialiai, tai yra jas tur\u0117s teikti Lietuvoje registruotas mokes\u010di\u0173 mok\u0117tojas, pavyzd\u017eiui, gyventojas, \u012fregistrav\u0119s individuali\u0105 veikl\u0105.<\/p>\n<p>Paslaug\u0173 teik\u0117jas tur\u0117s i&scaron;ra&scaron;yti s\u0105skait\u0105 ar kit\u0105 dokument\u0105 u\u017e suteiktas paslaugas, kad t\u0117vai gal\u0117t\u0173 &scaron;iais dokumentais pagr\u012fsti savo i&scaron;laidas.<\/p>\n<p>\nVMI primena, kad maksimali i&scaron;laid\u0173 suma, nuo kurios gal\u0117s b\u016bti susigr\u0105\u017einta dalis GPM u\u017e min\u0117tas paslaugas, yra 2 t\u016bkst. eur\u0173. Maksimali suma, kuri\u0105 gal\u0117s susigr\u0105\u017einti vienas asmuo, yra 400 eur\u0173, jei jo pajamos buvo apmokestintos 20 proc. GPM tarifu. Bendra i&scaron;laid\u0173 (\u012fskaitant \u012fmokas u\u017e studijas, profesin\u012f mokym\u0105, gyvyb\u0117s draudimo \u012fmokos ar \u012fmokos \u012f pensij\u0173 fondus \u012fmokas bei pal\u016bkanas u\u017e iki 2009 01 01 paimt\u0105 gyvenamojo b\u016bsto kredit\u0105), kuriomis gali b\u016bti ma\u017einamos apmokestinamosios pajamos, suma negal\u0117s vir&scaron;yti 25 procent\u0173 gyventojo metini\u0173 apmokestinam\u0173j\u0173 pajam\u0173.<\/p>\n<\/p>\n<p><h2>Kokiais dokumentai tur\u0117tum\u0117t pasir\u016bpinti, norint pasinaudoti lengvata?<\/h2>\n<\/p>\n<p>Valstybin\u0117 mokes\u010di\u0173 inspekcija (toliau &ndash; VMI) informuoja, kad gyventojai, norintys susigr\u0105\u017einti dal\u012f gyventoj\u0173 pajam\u0173 mokes\u010dio (GPM) u\u017e jiems atliktas nepilname\u010di\u0173 vaik\u0173 iki 18 met\u0173 prie\u017ei\u016bros paslaugas, turi <strong>pateikti s\u0105skait\u0105 fakt\u016br\u0105, PVM s\u0105skait\u0105 fakt\u016br\u0105 ar paslaug\u0173 pirkimo-pardavimo kvit\u0105 (FR0508 forma)<\/strong>, o kai i&scaron; &scaron;i\u0173 dokument\u0173 turinio negalima nustatyti ar paslauga buvo apmok\u0117ta, taip pat pridedami sumok\u0117jim\u0105 patvirtinantys dokumentai (pinig\u0173 pri\u0117mimo kvitas ir pan.)<\/p>\n<p>Susigr\u0105\u017einti dal\u012f sumok\u0117to GPM,gal\u0117site pateik\u0119 metin\u0119 pajam\u0173 mokes\u010dio deklaracij\u0105 u\u017e pra\u0117jusius metus. Prie jos reik\u0117s prid\u0117ti skenuotus ar fotografuotus min\u0117t\u0173 paslaug\u0173 suteikim\u0105 ir sumok\u0117jim\u0105 patvirtinan\u010dius dokumentus.<\/p>\n<\/p>\n<p><h2>Kuo svarbiausia pasir\u016bpinti?<\/h2>\n<\/p>\n<p>Tai tikrai gerokai papras\u010diau nei gali pasirodyti i&scaron; pirmo \u012fsp\u016bd\u017eio. \u017dingsniai 1,2,3 ir j\u016bs susigr\u0105\u017einate dal\u012f i&scaron;leist\u0173 pinig\u0173 u\u017e vaik\u0173 prie\u017ei\u016br\u0105:<\/p>\n<p>1. \u012esitikinkite, jog j\u016bs\u0173 i&scaron;sirinkta aukl\u0117 dirba pagal individuali\u0105 veikl\u0105 arba turi verslo liudijim\u0105 bei tai patvirtinan\u010dius dokumentus.<\/p>\n<p>2. Sumok\u0117jus u\u017e vaiko prie\u017ei\u016br\u0105 i&scaron;saugokite <strong>vien\u0105<\/strong> i&scaron; &scaron;i\u0173 apmok\u0117jim\u0105 patvirtinan\u010di\u0173 dokument\u0173, kuriuose nurodyti ir paslaugos gav\u0117jo duomenys:<\/p>\n<ul>\n<li>Pirkimo-pardavimo kvitas (FR0508), kai paslaug\u0105 teikia asmuo su verslo liudijimu. Norint atsisi\u0173sti kvito pavyzd\u012f, spauskite <a href=\"https:\/\/yoopies-cms.cdn.prismic.io\/yoopies-cms\/f19a1467-5d95-4726-a805-dfc7fc07c0a9_FR0508.docx\">\u010dia<\/a>.<\/li>\n<li>S\u0105skait\u0105 fakt\u016br\u0105. Nor\u0117dami atsisi\u0173sti pavyzd\u012f, spauskite <a href=\"https:\/\/yoopies-cms.cdn.prismic.io\/yoopies-cms\/ba246712-2753-4929-b0ce-d7a9c3f0192e_S%C4%85skaita-fakt%C5%ABra.pdf\">\u010dia<\/a>.<\/li>\n<li>PVM s\u0105skait\u0105 fakt\u016br\u0105 &#8211; kai paslaug\u0173 teik\u0117jas yra PVM mok\u0117tojas. Nor\u0117dami atsisi\u0173sti pavyzd\u012f, spauskite <a href=\"https:\/\/yoopies-cms.cdn.prismic.io\/yoopies-cms\/58207c4b-882d-4003-9ee6-87323abf53bc_PVM+s%C4%85skaita-fakt%C5%ABra.pdf\">\u010dia<\/a>.<\/li>\n<\/ul>\n<p>3. Deklaruojant pajamas kiekvien\u0173 met\u0173 baland\u017eio m\u0117n., prisijunkite prie <a target=\"_blank\" rel=\"noopener\" href=\"https:\/\/deklaravimas.vmi.lt\/lt\/Pradinis_Prisijungimo_puslapis\/Prisijungimasperisorinessistemas.aspx\">deklaravimas.vmi.lt<\/a> ir u\u017epildykite PRC912 form\u0105.<\/p>\n<\/p>\n<p>Da\u017eniausiai u\u017eduodamus klausimus d\u0117l &scaron;ios lengvatos galite rasti <a target=\"_blank\" rel=\"noopener\" href=\"https:\/\/www.vmi.lt\/cms\/uz-nepilnameciu-vaiku-prieziuros-paslaugas\">VMI tinklalapyje.<\/a><\/p>\n<\/p>\n<figure><img decoding=\"async\" src=\"https:\/\/yoopies.lt\/c\/wp-content\/uploads\/sites\/12\/2020\/05\/a39204b5-74c6-4470-b90c-6d62f131c13e-vmi-191009-gpm-polapis-aukle.jpg\" \/><\/figure>\n","protected":false},"excerpt":{"rendered":"<p>Pagal Lietuvos Respublikos gyventoj\u0173 pajam\u0173 mokes\u010dio \u012fstatymo 21 straipsnio 1 dalies 4 punkto nuostatas nuo &hellip; <\/p>\n","protected":false},"author":10,"featured_media":148,"parent":43,"menu_order":0,"comment_status":"closed","ping_status":"closed","template":"","meta":{"_acf_changed":false,"footnotes":""},"class_list":["post-146","page","type-page","status-publish","has-post-thumbnail","hentry"],"acf":[],"yoast_head":"<!-- This site is optimized with the Yoast SEO plugin v26.9 - https:\/\/yoast.com\/product\/yoast-seo-wordpress\/ -->\n<title>Turite vaik\u0173 ir naudojat\u0117s aukl\u0117s paslaugomis?<\/title>\n<meta name=\"description\" content=\"Pasir\u016bpinkite tik vienu dokumentu ir susigra\u017einkite net iki 400 eur., i\u0161leist\u0173 u\u017e vaik\u0173 prie\u017ei\u016br\u0105. Pasinaudokite GPM lengvata, samdantis aukl\u0119.\" \/>\n<meta name=\"robots\" content=\"index, follow, max-snippet:-1, max-image-preview:large, max-video-preview:-1\" \/>\n<link rel=\"canonical\" href=\"https:\/\/yoopies.lt\/c\/ieskau-aukles\/lengvata-uz-aukles-paslaugas\/\" \/>\n<meta property=\"og:locale\" content=\"lt_LT\" \/>\n<meta property=\"og:type\" content=\"article\" \/>\n<meta property=\"og:title\" content=\"Turite vaik\u0173 ir naudojat\u0117s aukl\u0117s paslaugomis?\" \/>\n<meta property=\"og:description\" content=\"Pasir\u016bpinkite tik vienu dokumentu ir susigra\u017einkite net iki 400 eur., i\u0161leist\u0173 u\u017e vaik\u0173 prie\u017ei\u016br\u0105. Pasinaudokite GPM lengvata, samdantis aukl\u0119.\" \/>\n<meta property=\"og:url\" content=\"https:\/\/yoopies.lt\/c\/ieskau-aukles\/lengvata-uz-aukles-paslaugas\/\" \/>\n<meta property=\"og:site_name\" content=\"Yoopies Lietuva Blog\" \/>\n<meta property=\"article:modified_time\" content=\"2025-06-12T08:48:24+00:00\" \/>\n<meta property=\"og:image\" content=\"https:\/\/yoopies.lt\/c\/wp-content\/uploads\/sites\/12\/2020\/05\/176050d5-e7c5-4163-9653-9bdcd08778fc-natalya-zaritskaya-144626.jpg\" \/>\n\t<meta property=\"og:image:width\" content=\"1200\" \/>\n\t<meta property=\"og:image:height\" content=\"800\" \/>\n\t<meta property=\"og:image:type\" content=\"image\/jpeg\" \/>\n<meta name=\"twitter:card\" content=\"summary_large_image\" \/>\n<meta name=\"twitter:label1\" content=\"Est. reading time\" \/>\n\t<meta name=\"twitter:data1\" content=\"3 minut\u0117s\" \/>\n<script type=\"application\/ld+json\" class=\"yoast-schema-graph\">{\"@context\":\"https:\/\/schema.org\",\"@graph\":[{\"@type\":\"WebPage\",\"@id\":\"https:\/\/yoopies.lt\/c\/ieskau-aukles\/lengvata-uz-aukles-paslaugas\/\",\"url\":\"https:\/\/yoopies.lt\/c\/ieskau-aukles\/lengvata-uz-aukles-paslaugas\/\",\"name\":\"Turite vaik\u0173 ir naudojat\u0117s aukl\u0117s paslaugomis?\",\"isPartOf\":{\"@id\":\"https:\/\/yoopies.lt\/c\/#website\"},\"primaryImageOfPage\":{\"@id\":\"https:\/\/yoopies.lt\/c\/ieskau-aukles\/lengvata-uz-aukles-paslaugas\/#primaryimage\"},\"image\":{\"@id\":\"https:\/\/yoopies.lt\/c\/ieskau-aukles\/lengvata-uz-aukles-paslaugas\/#primaryimage\"},\"thumbnailUrl\":\"https:\/\/yoopies.lt\/c\/wp-content\/uploads\/sites\/12\/2020\/05\/176050d5-e7c5-4163-9653-9bdcd08778fc-natalya-zaritskaya-144626.jpg\",\"datePublished\":\"2020-05-27T14:20:40+00:00\",\"dateModified\":\"2025-06-12T08:48:24+00:00\",\"description\":\"Pasir\u016bpinkite tik vienu dokumentu ir susigra\u017einkite net iki 400 eur., i\u0161leist\u0173 u\u017e vaik\u0173 prie\u017ei\u016br\u0105. Pasinaudokite GPM lengvata, samdantis aukl\u0119.\",\"breadcrumb\":{\"@id\":\"https:\/\/yoopies.lt\/c\/ieskau-aukles\/lengvata-uz-aukles-paslaugas\/#breadcrumb\"},\"inLanguage\":\"lt-LT\",\"potentialAction\":[{\"@type\":\"ReadAction\",\"target\":[\"https:\/\/yoopies.lt\/c\/ieskau-aukles\/lengvata-uz-aukles-paslaugas\/\"]}]},{\"@type\":\"ImageObject\",\"inLanguage\":\"lt-LT\",\"@id\":\"https:\/\/yoopies.lt\/c\/ieskau-aukles\/lengvata-uz-aukles-paslaugas\/#primaryimage\",\"url\":\"https:\/\/yoopies.lt\/c\/wp-content\/uploads\/sites\/12\/2020\/05\/176050d5-e7c5-4163-9653-9bdcd08778fc-natalya-zaritskaya-144626.jpg\",\"contentUrl\":\"https:\/\/yoopies.lt\/c\/wp-content\/uploads\/sites\/12\/2020\/05\/176050d5-e7c5-4163-9653-9bdcd08778fc-natalya-zaritskaya-144626.jpg\",\"width\":1200,\"height\":800},{\"@type\":\"BreadcrumbList\",\"@id\":\"https:\/\/yoopies.lt\/c\/ieskau-aukles\/lengvata-uz-aukles-paslaugas\/#breadcrumb\",\"itemListElement\":[{\"@type\":\"ListItem\",\"position\":1,\"name\":\"Home\",\"item\":\"https:\/\/yoopies.lt\/c\/\"},{\"@type\":\"ListItem\",\"position\":2,\"name\":\"Kaip rasti tinkam\u0105 aukl\u0119: patarimai ir gudryb\u0117s\",\"item\":\"https:\/\/yoopies.lt\/c\/ieskau-aukles\/\"},{\"@type\":\"ListItem\",\"position\":3,\"name\":\"Susigr\u0105\u017einkite pinig\u0173 u\u017e vaik\u0173 prie\u017ei\u016bros paslaugas\"}]},{\"@type\":\"WebSite\",\"@id\":\"https:\/\/yoopies.lt\/c\/#website\",\"url\":\"https:\/\/yoopies.lt\/c\/\",\"name\":\"Yoopies Lietuva Blog\",\"description\":\"\",\"publisher\":{\"@id\":\"https:\/\/yoopies.lt\/c\/#organization\"},\"potentialAction\":[{\"@type\":\"SearchAction\",\"target\":{\"@type\":\"EntryPoint\",\"urlTemplate\":\"https:\/\/yoopies.lt\/c\/?s={search_term_string}\"},\"query-input\":{\"@type\":\"PropertyValueSpecification\",\"valueRequired\":true,\"valueName\":\"search_term_string\"}}],\"inLanguage\":\"lt-LT\"},{\"@type\":\"Organization\",\"@id\":\"https:\/\/yoopies.lt\/c\/#organization\",\"name\":\"Yoopies Lietuva Blog\",\"url\":\"https:\/\/yoopies.lt\/c\/\",\"logo\":{\"@type\":\"ImageObject\",\"inLanguage\":\"lt-LT\",\"@id\":\"https:\/\/yoopies.lt\/c\/#\/schema\/logo\/image\/\",\"url\":\"https:\/\/yoopies.lt\/c\/wp-content\/uploads\/sites\/12\/2025\/05\/cropped-Logo_Yoopies-2.png\",\"contentUrl\":\"https:\/\/yoopies.lt\/c\/wp-content\/uploads\/sites\/12\/2025\/05\/cropped-Logo_Yoopies-2.png\",\"width\":512,\"height\":512,\"caption\":\"Yoopies Lietuva Blog\"},\"image\":{\"@id\":\"https:\/\/yoopies.lt\/c\/#\/schema\/logo\/image\/\"}}]}<\/script>\n<!-- \/ Yoast SEO plugin. -->","yoast_head_json":{"title":"Turite vaik\u0173 ir naudojat\u0117s aukl\u0117s paslaugomis?","description":"Pasir\u016bpinkite tik vienu dokumentu ir susigra\u017einkite net iki 400 eur., i\u0161leist\u0173 u\u017e vaik\u0173 prie\u017ei\u016br\u0105. Pasinaudokite GPM lengvata, samdantis aukl\u0119.","robots":{"index":"index","follow":"follow","max-snippet":"max-snippet:-1","max-image-preview":"max-image-preview:large","max-video-preview":"max-video-preview:-1"},"canonical":"https:\/\/yoopies.lt\/c\/ieskau-aukles\/lengvata-uz-aukles-paslaugas\/","og_locale":"lt_LT","og_type":"article","og_title":"Turite vaik\u0173 ir naudojat\u0117s aukl\u0117s paslaugomis?","og_description":"Pasir\u016bpinkite tik vienu dokumentu ir susigra\u017einkite net iki 400 eur., i\u0161leist\u0173 u\u017e vaik\u0173 prie\u017ei\u016br\u0105. Pasinaudokite GPM lengvata, samdantis aukl\u0119.","og_url":"https:\/\/yoopies.lt\/c\/ieskau-aukles\/lengvata-uz-aukles-paslaugas\/","og_site_name":"Yoopies Lietuva Blog","article_modified_time":"2025-06-12T08:48:24+00:00","og_image":[{"width":1200,"height":800,"url":"https:\/\/yoopies.lt\/c\/wp-content\/uploads\/sites\/12\/2020\/05\/176050d5-e7c5-4163-9653-9bdcd08778fc-natalya-zaritskaya-144626.jpg","type":"image\/jpeg"}],"twitter_card":"summary_large_image","twitter_misc":{"Est. reading time":"3 minut\u0117s"},"schema":{"@context":"https:\/\/schema.org","@graph":[{"@type":"WebPage","@id":"https:\/\/yoopies.lt\/c\/ieskau-aukles\/lengvata-uz-aukles-paslaugas\/","url":"https:\/\/yoopies.lt\/c\/ieskau-aukles\/lengvata-uz-aukles-paslaugas\/","name":"Turite vaik\u0173 ir naudojat\u0117s aukl\u0117s paslaugomis?","isPartOf":{"@id":"https:\/\/yoopies.lt\/c\/#website"},"primaryImageOfPage":{"@id":"https:\/\/yoopies.lt\/c\/ieskau-aukles\/lengvata-uz-aukles-paslaugas\/#primaryimage"},"image":{"@id":"https:\/\/yoopies.lt\/c\/ieskau-aukles\/lengvata-uz-aukles-paslaugas\/#primaryimage"},"thumbnailUrl":"https:\/\/yoopies.lt\/c\/wp-content\/uploads\/sites\/12\/2020\/05\/176050d5-e7c5-4163-9653-9bdcd08778fc-natalya-zaritskaya-144626.jpg","datePublished":"2020-05-27T14:20:40+00:00","dateModified":"2025-06-12T08:48:24+00:00","description":"Pasir\u016bpinkite tik vienu dokumentu ir susigra\u017einkite net iki 400 eur., i\u0161leist\u0173 u\u017e vaik\u0173 prie\u017ei\u016br\u0105. Pasinaudokite GPM lengvata, samdantis aukl\u0119.","breadcrumb":{"@id":"https:\/\/yoopies.lt\/c\/ieskau-aukles\/lengvata-uz-aukles-paslaugas\/#breadcrumb"},"inLanguage":"lt-LT","potentialAction":[{"@type":"ReadAction","target":["https:\/\/yoopies.lt\/c\/ieskau-aukles\/lengvata-uz-aukles-paslaugas\/"]}]},{"@type":"ImageObject","inLanguage":"lt-LT","@id":"https:\/\/yoopies.lt\/c\/ieskau-aukles\/lengvata-uz-aukles-paslaugas\/#primaryimage","url":"https:\/\/yoopies.lt\/c\/wp-content\/uploads\/sites\/12\/2020\/05\/176050d5-e7c5-4163-9653-9bdcd08778fc-natalya-zaritskaya-144626.jpg","contentUrl":"https:\/\/yoopies.lt\/c\/wp-content\/uploads\/sites\/12\/2020\/05\/176050d5-e7c5-4163-9653-9bdcd08778fc-natalya-zaritskaya-144626.jpg","width":1200,"height":800},{"@type":"BreadcrumbList","@id":"https:\/\/yoopies.lt\/c\/ieskau-aukles\/lengvata-uz-aukles-paslaugas\/#breadcrumb","itemListElement":[{"@type":"ListItem","position":1,"name":"Home","item":"https:\/\/yoopies.lt\/c\/"},{"@type":"ListItem","position":2,"name":"Kaip rasti tinkam\u0105 aukl\u0119: patarimai ir gudryb\u0117s","item":"https:\/\/yoopies.lt\/c\/ieskau-aukles\/"},{"@type":"ListItem","position":3,"name":"Susigr\u0105\u017einkite pinig\u0173 u\u017e vaik\u0173 prie\u017ei\u016bros paslaugas"}]},{"@type":"WebSite","@id":"https:\/\/yoopies.lt\/c\/#website","url":"https:\/\/yoopies.lt\/c\/","name":"Yoopies Lietuva Blog","description":"","publisher":{"@id":"https:\/\/yoopies.lt\/c\/#organization"},"potentialAction":[{"@type":"SearchAction","target":{"@type":"EntryPoint","urlTemplate":"https:\/\/yoopies.lt\/c\/?s={search_term_string}"},"query-input":{"@type":"PropertyValueSpecification","valueRequired":true,"valueName":"search_term_string"}}],"inLanguage":"lt-LT"},{"@type":"Organization","@id":"https:\/\/yoopies.lt\/c\/#organization","name":"Yoopies Lietuva Blog","url":"https:\/\/yoopies.lt\/c\/","logo":{"@type":"ImageObject","inLanguage":"lt-LT","@id":"https:\/\/yoopies.lt\/c\/#\/schema\/logo\/image\/","url":"https:\/\/yoopies.lt\/c\/wp-content\/uploads\/sites\/12\/2025\/05\/cropped-Logo_Yoopies-2.png","contentUrl":"https:\/\/yoopies.lt\/c\/wp-content\/uploads\/sites\/12\/2025\/05\/cropped-Logo_Yoopies-2.png","width":512,"height":512,"caption":"Yoopies Lietuva Blog"},"image":{"@id":"https:\/\/yoopies.lt\/c\/#\/schema\/logo\/image\/"}}]}},"_links":{"self":[{"href":"https:\/\/yoopies.lt\/c\/wp-json\/wp\/v2\/pages\/146","targetHints":{"allow":["GET"]}}],"collection":[{"href":"https:\/\/yoopies.lt\/c\/wp-json\/wp\/v2\/pages"}],"about":[{"href":"https:\/\/yoopies.lt\/c\/wp-json\/wp\/v2\/types\/page"}],"author":[{"embeddable":true,"href":"https:\/\/yoopies.lt\/c\/wp-json\/wp\/v2\/users\/10"}],"replies":[{"embeddable":true,"href":"https:\/\/yoopies.lt\/c\/wp-json\/wp\/v2\/comments?post=146"}],"version-history":[{"count":1,"href":"https:\/\/yoopies.lt\/c\/wp-json\/wp\/v2\/pages\/146\/revisions"}],"predecessor-version":[{"id":149,"href":"https:\/\/yoopies.lt\/c\/wp-json\/wp\/v2\/pages\/146\/revisions\/149"}],"up":[{"embeddable":true,"href":"https:\/\/yoopies.lt\/c\/wp-json\/wp\/v2\/pages\/43"}],"wp:featuredmedia":[{"embeddable":true,"href":"https:\/\/yoopies.lt\/c\/wp-json\/wp\/v2\/media\/148"}],"wp:attachment":[{"href":"https:\/\/yoopies.lt\/c\/wp-json\/wp\/v2\/media?parent=146"}],"curies":[{"name":"wp","href":"https:\/\/api.w.org\/{rel}","templated":true}]}}