{"id":63,"date":"2024-02-19T14:08:46","date_gmt":"2024-02-19T14:08:46","guid":{"rendered":"https:\/\/blog.yoopies.lt\/korepetitorius-papildomas-uzdarbis-lyderystes-patirtis\/"},"modified":"2025-06-12T08:48:24","modified_gmt":"2025-06-12T08:48:24","slug":"korepetitorius-papildomas-uzdarbis-lyderystes-patirtis","status":"publish","type":"page","link":"https:\/\/yoopies.lt\/c\/korepetitorius-papildomas-uzdarbis-lyderystes-patirtis\/","title":{"rendered":"Korepetitorius &#8211; papildomas u\u017edarbis ir lyderyst\u0117s patirtis"},"content":{"rendered":"<p><p>Korepetitoriaus darbas gali b\u016bti puikus sprendimas daugeliui \u017emoni\u0173, norin\u010di\u0173 papildomai u\u017esidirbti prie esamos veiklos ar studij\u0173 metu. Tai darbo pozicija, norintiems lankstumo ir savo laiko kontrol\u0117s. &Scaron;\u012f darb\u0105 ypatingai m\u0117gsta studentai, turintys daug akademini\u0173 \u017eini\u0173, kurios reikalingos&nbsp;mokiniams, jau\u010diantiems spragas ar noriniems pasiruo&scaron;ti egzaminams.&nbsp;<\/p>\n<p>Pradedantiems korepetitoriaus darb\u0105 neretai kyla begal\u0117s klausim\u0173: kaip tapti korepetitoriumi, kaip susirasti mokinius, ko tik\u0117tis dirbant &scaron;\u012f darb\u0105, koks tik\u0117tinas atlygis ir t.t <\/p>\n<p>Paruo&scaron;\u0117me trump\u0105 vadov\u0105, k\u0105 jums reikia \u017einoti apie korepetitoriaus darb\u0105, kuris atne&scaron; jums ne tik papildom\u0105 u\u017edarb\u012f, bet kartu \u012fgysite ne\u012fkainojamos vadovavimo bei lyderyst\u0117s patirties atei\u010diai.<\/p>\n<\/p>\n<figure><img decoding=\"async\" src=\"https:\/\/yoopies.lt\/c\/wp-content\/uploads\/sites\/12\/2024\/02\/0bf5a315-3f25-496a-aa7c-98e420113baf-korepetitoriusvilniuje.jpg\" \/><\/figure>\n<p><p><strong>Kas gali tapti korepetitoriumi?<\/strong><\/p>\n<p>Korepetitorius i&scaron; esm\u0117s yra pagalba mokiniui ar studentui. Da\u017eniausiai tai b\u016bna auk&scaron;tos kvalifikacijos mokytojas ar d\u0117stytojas, pasamdytas pad\u0117ti mokiniui pasiruo&scaron;ti kontroliniams, egzaminams ar tiesiog papildomai pasigilinti \u012f dalyk\u0105. Ta\u010diau jeigu puikiai grojate muzikos instrumentu, pie&scaron;iate, o gal dainuojate, j\u016bs taip pat galite teikti tokias paslaugas mokiniams. <a target=\"_blank\" rel=\"noopener\" href=\"https:\/\/yoopies.lt\/registration\/tutoring\/applicant\">Yoopies.lt<\/a> svetain\u0117je t\u0117vai ie&scaron;ko \u012fvairiausi\u0173 specialybi\u0173 pagalbos savo vaikams.  Dirbant korepetitoriumi teks imtis daug iniciatyvos, mok\u0117ti \u012f\u017evelgti ir i&scaron;analizuoti, ko mokiniui tr\u016bksta ir nuo kur reikt\u0173 prad\u0117ti u\u017epildyti pavyzd\u017eiui mokinuko u\u017esilikusias spragas. <\/p>\n<\/p>\n<p><strong>Nuotolinis ar kontaktinis korepetitoriaus darbas?<\/strong><\/p>\n<p>Nuotolinis korepetitoriaus darbas Covid-19 pandemijos metu ypatingai i&scaron;populiar\u0117jo. Toks darbo metodas korepetitoriams atv\u0117r\u0117 \u017eymiai daugiau galimybi\u0173 nei iki tol. Tuo suskubo pasinaudoti ir mokiniai. Auk&scaron;tos kvalifikacijos korepetitoriai tapo pasiekiami ir mokiniams i&scaron; kit\u0173 miest\u0173 ir miesteli\u0173. Nuotolinis mokymas sutaupo labai daug laiko, kur\u012f tekt\u0173 sugai&scaron;ti kelion\u0117se pas mokinius. &Scaron;is darbas taip pat \u017eymiai lankstesnis. <\/p>\n<p>Ta\u010diau toks darbas reikalauja papildomo pasiruo&scaron;imo. Reikia i&scaron;manyti programas, pad\u0117sian\u010dias tokiam darbui. Tai gali b\u016bti Zoom, Teams, Google Meet ar kita platforma. I&scaron; anksto i&scaron;m\u0117ginkite platform\u0105, jog nekilt\u0173 technini\u0173 nesklandum\u0173 pamokos metu.<\/p>\n<p>Tuo tarpu, kontaktinio ugdymo prana&scaron;umai  niekur nedingo. Tokiu b\u016bdu mokant mokinius jau\u010diamas \u017emogi&scaron;kasis ry&scaron;ys, kuris labai svarbus u\u017emegzti kontaktui ir motyvacijai. S\u0117dint &scaron;alia lengviau ir grei\u010diau galima pajusti, kurioje vietoje dar reikt\u0173 padirb\u0117ti. Tai aktualu dirbant su jaunesniais mokiniais. <\/p>\n<p> &nbsp;<\/p>\n<\/p>\n<figure><img decoding=\"async\" src=\"https:\/\/yoopies.lt\/c\/wp-content\/uploads\/sites\/12\/2024\/02\/88bf5cc3-b98b-43a5-a56a-aad782905e10-matematikoskorepetitorius.jpg\" \/><\/figure>\n<p><p><strong>Kiek gali u\u017edirbti korepetitorius?<\/strong><\/p>\n<\/p>\n<p>Be abejo vieno atsakymo n\u0117ra. Viskas labai priklauso nuo j\u016bs\u0173 d\u0117stomo dalyko, kompetencijos, patirties ir netgi rekomendacij\u0173. <\/p>\n<p>Kaip pavyzd\u017eiui matematikos korepetitorius gali u\u017edirbti nuo 10&euro; iki 35&euro; u\u017e pamok\u0105. Lietuvi\u0173 kalbos korepetitorius nuo 10&euro; iki 30&euro; u\u017e pamok\u0105. <\/p>\n<p>Pradedant korepetitoriaus darb\u0105 verta pasi\u016blyti savo paslaugas &scaron;iek tiek pigiau, nei \u012fprasta. Tokioje situacijoje svarbiausia motyvacija, noras ir detalus savo paslaug\u0173 pateikimas. Neturint pairties dirbant korepetitoriumi, verta pamin\u0117ti savo egzamin\u0173 rezultatus, pasiekimus olimpiadose ar konkursuose. <\/p>\n<\/p>\n<p><p><strong>Kaip rasti mokinius?<\/strong><\/p>\n<p>T\u0117vai intensyviai ie&scaron;ko korepetitori\u0173 savo vaikams i&scaron;tisus metus. Kas nori u\u017epildyti spragas einamuoju metu, kas nori papildomai padirb\u0117ti vasaros ar atostog\u0173 laikotarpiu, kai vaikai neb\u016bna per daug apkrauti. <\/p>\n<p>Platformoje <a target=\"_blank\" rel=\"noopener\" href=\"https:\/\/yoopies.lt\/korepetitoriaus-darbas\">yoopies.lt<\/a> lengvai galite registruoti savo paslaugas, nustatyti \u012fkain\u012f, apra&scaron;yti darbo patirt\u012f, savo mokymo stili\u0173, \u012fkelti rekomendacijas ar i&scaron;silavinimo dokument\u0105. Papildomai galite pasirinkti, ar norite dirbti nuotoliniu, ar kontaktiniu b\u016bdu. Detaliai paruo&scaron;tos anketos sulaukia \u017eymiai daugiau u\u017eklaus\u0173. <\/p>\n<p>Pati geriausia reklama &ndash; rekomendacijos. Atlik\u0119 paslaug\u0105, pra&scaron;ykite i&scaron; darbdavio <strong>\u012fvertinimo<\/strong>, kuris skelbiamas<a target=\"_blank\" rel=\"noopener\" href=\"https:\/\/https:\/\/yoopies.lt\"> yoopies.lt <\/a>svetain\u0117je. <\/p>\n<\/p>\n<p><a class=\"button\" href=\"https:\/\/yoopies.lt\/korepetitoriaus-darbas\">Korepetitoriaus darbas<\/a><\/p>\n","protected":false},"excerpt":{"rendered":"<p>Korepetitoriaus darbas gali b\u016bti puikus sprendimas daugeliui \u017emoni\u0173, norin\u010di\u0173 papildomai u\u017esidirbti prie esamos veiklos ar &hellip; <\/p>\n","protected":false},"author":10,"featured_media":66,"parent":0,"menu_order":0,"comment_status":"closed","ping_status":"closed","template":"","meta":{"_acf_changed":false,"footnotes":""},"class_list":["post-63","page","type-page","status-publish","has-post-thumbnail","hentry"],"acf":[],"yoast_head":"<!-- This site is optimized with the Yoast SEO plugin v26.9 - https:\/\/yoast.com\/product\/yoast-seo-wordpress\/ -->\n<title>Korepetitorius-papildomas u\u017edarbis ir lyderyst\u0117s patirtis<\/title>\n<meta name=\"description\" content=\"Korepetitoriaus darbas ne tik papildomas u\u017edarbis, bet ir puiki lyderyst\u0117s patirtis. Su\u017einok, kaip tapti puikiu korepetitoriumi bei kokius \u012fkainius taikyti.\" \/>\n<meta name=\"robots\" content=\"index, follow, max-snippet:-1, max-image-preview:large, max-video-preview:-1\" \/>\n<link rel=\"canonical\" href=\"https:\/\/yoopies.lt\/c\/korepetitorius-papildomas-uzdarbis-lyderystes-patirtis\/\" \/>\n<meta property=\"og:locale\" content=\"lt_LT\" \/>\n<meta property=\"og:type\" content=\"article\" \/>\n<meta property=\"og:title\" content=\"Korepetitorius-papildomas u\u017edarbis ir lyderyst\u0117s patirtis\" \/>\n<meta property=\"og:description\" content=\"Korepetitoriaus darbas ne tik papildomas u\u017edarbis, bet ir puiki lyderyst\u0117s patirtis. Su\u017einok, kaip tapti puikiu korepetitoriumi bei kokius \u012fkainius taikyti.\" \/>\n<meta property=\"og:url\" content=\"https:\/\/yoopies.lt\/c\/korepetitorius-papildomas-uzdarbis-lyderystes-patirtis\/\" \/>\n<meta property=\"og:site_name\" content=\"Yoopies Lietuva Blog\" \/>\n<meta property=\"article:modified_time\" content=\"2025-06-12T08:48:24+00:00\" \/>\n<meta property=\"og:image\" content=\"https:\/\/yoopies.lt\/c\/wp-content\/uploads\/sites\/12\/2024\/02\/0bf5a315-3f25-496a-aa7c-98e420113baf-korepetitoriusvilniuje-1.jpg\" \/>\n\t<meta property=\"og:image:width\" content=\"1200\" \/>\n\t<meta property=\"og:image:height\" content=\"400\" \/>\n\t<meta property=\"og:image:type\" content=\"image\/jpeg\" \/>\n<meta name=\"twitter:card\" content=\"summary_large_image\" \/>\n<meta name=\"twitter:label1\" content=\"Est. reading time\" \/>\n\t<meta name=\"twitter:data1\" content=\"3 minut\u0117s\" \/>\n<script type=\"application\/ld+json\" class=\"yoast-schema-graph\">{\"@context\":\"https:\/\/schema.org\",\"@graph\":[{\"@type\":\"WebPage\",\"@id\":\"https:\/\/yoopies.lt\/c\/korepetitorius-papildomas-uzdarbis-lyderystes-patirtis\/\",\"url\":\"https:\/\/yoopies.lt\/c\/korepetitorius-papildomas-uzdarbis-lyderystes-patirtis\/\",\"name\":\"Korepetitorius-papildomas u\u017edarbis ir lyderyst\u0117s patirtis\",\"isPartOf\":{\"@id\":\"https:\/\/yoopies.lt\/c\/#website\"},\"primaryImageOfPage\":{\"@id\":\"https:\/\/yoopies.lt\/c\/korepetitorius-papildomas-uzdarbis-lyderystes-patirtis\/#primaryimage\"},\"image\":{\"@id\":\"https:\/\/yoopies.lt\/c\/korepetitorius-papildomas-uzdarbis-lyderystes-patirtis\/#primaryimage\"},\"thumbnailUrl\":\"https:\/\/yoopies.lt\/c\/wp-content\/uploads\/sites\/12\/2024\/02\/0bf5a315-3f25-496a-aa7c-98e420113baf-korepetitoriusvilniuje-1.jpg\",\"datePublished\":\"2024-02-19T14:08:46+00:00\",\"dateModified\":\"2025-06-12T08:48:24+00:00\",\"description\":\"Korepetitoriaus darbas ne tik papildomas u\u017edarbis, bet ir puiki lyderyst\u0117s patirtis. Su\u017einok, kaip tapti puikiu korepetitoriumi bei kokius \u012fkainius taikyti.\",\"breadcrumb\":{\"@id\":\"https:\/\/yoopies.lt\/c\/korepetitorius-papildomas-uzdarbis-lyderystes-patirtis\/#breadcrumb\"},\"inLanguage\":\"lt-LT\",\"potentialAction\":[{\"@type\":\"ReadAction\",\"target\":[\"https:\/\/yoopies.lt\/c\/korepetitorius-papildomas-uzdarbis-lyderystes-patirtis\/\"]}]},{\"@type\":\"ImageObject\",\"inLanguage\":\"lt-LT\",\"@id\":\"https:\/\/yoopies.lt\/c\/korepetitorius-papildomas-uzdarbis-lyderystes-patirtis\/#primaryimage\",\"url\":\"https:\/\/yoopies.lt\/c\/wp-content\/uploads\/sites\/12\/2024\/02\/0bf5a315-3f25-496a-aa7c-98e420113baf-korepetitoriusvilniuje-1.jpg\",\"contentUrl\":\"https:\/\/yoopies.lt\/c\/wp-content\/uploads\/sites\/12\/2024\/02\/0bf5a315-3f25-496a-aa7c-98e420113baf-korepetitoriusvilniuje-1.jpg\",\"width\":1200,\"height\":400},{\"@type\":\"BreadcrumbList\",\"@id\":\"https:\/\/yoopies.lt\/c\/korepetitorius-papildomas-uzdarbis-lyderystes-patirtis\/#breadcrumb\",\"itemListElement\":[{\"@type\":\"ListItem\",\"position\":1,\"name\":\"Home\",\"item\":\"https:\/\/yoopies.lt\/c\/\"},{\"@type\":\"ListItem\",\"position\":2,\"name\":\"Korepetitorius &#8211; papildomas u\u017edarbis ir lyderyst\u0117s patirtis\"}]},{\"@type\":\"WebSite\",\"@id\":\"https:\/\/yoopies.lt\/c\/#website\",\"url\":\"https:\/\/yoopies.lt\/c\/\",\"name\":\"Yoopies Lietuva Blog\",\"description\":\"\",\"publisher\":{\"@id\":\"https:\/\/yoopies.lt\/c\/#organization\"},\"potentialAction\":[{\"@type\":\"SearchAction\",\"target\":{\"@type\":\"EntryPoint\",\"urlTemplate\":\"https:\/\/yoopies.lt\/c\/?s={search_term_string}\"},\"query-input\":{\"@type\":\"PropertyValueSpecification\",\"valueRequired\":true,\"valueName\":\"search_term_string\"}}],\"inLanguage\":\"lt-LT\"},{\"@type\":\"Organization\",\"@id\":\"https:\/\/yoopies.lt\/c\/#organization\",\"name\":\"Yoopies Lietuva Blog\",\"url\":\"https:\/\/yoopies.lt\/c\/\",\"logo\":{\"@type\":\"ImageObject\",\"inLanguage\":\"lt-LT\",\"@id\":\"https:\/\/yoopies.lt\/c\/#\/schema\/logo\/image\/\",\"url\":\"https:\/\/yoopies.lt\/c\/wp-content\/uploads\/sites\/12\/2025\/05\/cropped-Logo_Yoopies-2.png\",\"contentUrl\":\"https:\/\/yoopies.lt\/c\/wp-content\/uploads\/sites\/12\/2025\/05\/cropped-Logo_Yoopies-2.png\",\"width\":512,\"height\":512,\"caption\":\"Yoopies Lietuva Blog\"},\"image\":{\"@id\":\"https:\/\/yoopies.lt\/c\/#\/schema\/logo\/image\/\"}}]}<\/script>\n<!-- \/ Yoast SEO plugin. -->","yoast_head_json":{"title":"Korepetitorius-papildomas u\u017edarbis ir lyderyst\u0117s patirtis","description":"Korepetitoriaus darbas ne tik papildomas u\u017edarbis, bet ir puiki lyderyst\u0117s patirtis. Su\u017einok, kaip tapti puikiu korepetitoriumi bei kokius \u012fkainius taikyti.","robots":{"index":"index","follow":"follow","max-snippet":"max-snippet:-1","max-image-preview":"max-image-preview:large","max-video-preview":"max-video-preview:-1"},"canonical":"https:\/\/yoopies.lt\/c\/korepetitorius-papildomas-uzdarbis-lyderystes-patirtis\/","og_locale":"lt_LT","og_type":"article","og_title":"Korepetitorius-papildomas u\u017edarbis ir lyderyst\u0117s patirtis","og_description":"Korepetitoriaus darbas ne tik papildomas u\u017edarbis, bet ir puiki lyderyst\u0117s patirtis. Su\u017einok, kaip tapti puikiu korepetitoriumi bei kokius \u012fkainius taikyti.","og_url":"https:\/\/yoopies.lt\/c\/korepetitorius-papildomas-uzdarbis-lyderystes-patirtis\/","og_site_name":"Yoopies Lietuva Blog","article_modified_time":"2025-06-12T08:48:24+00:00","og_image":[{"width":1200,"height":400,"url":"https:\/\/yoopies.lt\/c\/wp-content\/uploads\/sites\/12\/2024\/02\/0bf5a315-3f25-496a-aa7c-98e420113baf-korepetitoriusvilniuje-1.jpg","type":"image\/jpeg"}],"twitter_card":"summary_large_image","twitter_misc":{"Est. reading time":"3 minut\u0117s"},"schema":{"@context":"https:\/\/schema.org","@graph":[{"@type":"WebPage","@id":"https:\/\/yoopies.lt\/c\/korepetitorius-papildomas-uzdarbis-lyderystes-patirtis\/","url":"https:\/\/yoopies.lt\/c\/korepetitorius-papildomas-uzdarbis-lyderystes-patirtis\/","name":"Korepetitorius-papildomas u\u017edarbis ir lyderyst\u0117s patirtis","isPartOf":{"@id":"https:\/\/yoopies.lt\/c\/#website"},"primaryImageOfPage":{"@id":"https:\/\/yoopies.lt\/c\/korepetitorius-papildomas-uzdarbis-lyderystes-patirtis\/#primaryimage"},"image":{"@id":"https:\/\/yoopies.lt\/c\/korepetitorius-papildomas-uzdarbis-lyderystes-patirtis\/#primaryimage"},"thumbnailUrl":"https:\/\/yoopies.lt\/c\/wp-content\/uploads\/sites\/12\/2024\/02\/0bf5a315-3f25-496a-aa7c-98e420113baf-korepetitoriusvilniuje-1.jpg","datePublished":"2024-02-19T14:08:46+00:00","dateModified":"2025-06-12T08:48:24+00:00","description":"Korepetitoriaus darbas ne tik papildomas u\u017edarbis, bet ir puiki lyderyst\u0117s patirtis. Su\u017einok, kaip tapti puikiu korepetitoriumi bei kokius \u012fkainius taikyti.","breadcrumb":{"@id":"https:\/\/yoopies.lt\/c\/korepetitorius-papildomas-uzdarbis-lyderystes-patirtis\/#breadcrumb"},"inLanguage":"lt-LT","potentialAction":[{"@type":"ReadAction","target":["https:\/\/yoopies.lt\/c\/korepetitorius-papildomas-uzdarbis-lyderystes-patirtis\/"]}]},{"@type":"ImageObject","inLanguage":"lt-LT","@id":"https:\/\/yoopies.lt\/c\/korepetitorius-papildomas-uzdarbis-lyderystes-patirtis\/#primaryimage","url":"https:\/\/yoopies.lt\/c\/wp-content\/uploads\/sites\/12\/2024\/02\/0bf5a315-3f25-496a-aa7c-98e420113baf-korepetitoriusvilniuje-1.jpg","contentUrl":"https:\/\/yoopies.lt\/c\/wp-content\/uploads\/sites\/12\/2024\/02\/0bf5a315-3f25-496a-aa7c-98e420113baf-korepetitoriusvilniuje-1.jpg","width":1200,"height":400},{"@type":"BreadcrumbList","@id":"https:\/\/yoopies.lt\/c\/korepetitorius-papildomas-uzdarbis-lyderystes-patirtis\/#breadcrumb","itemListElement":[{"@type":"ListItem","position":1,"name":"Home","item":"https:\/\/yoopies.lt\/c\/"},{"@type":"ListItem","position":2,"name":"Korepetitorius &#8211; papildomas u\u017edarbis ir lyderyst\u0117s patirtis"}]},{"@type":"WebSite","@id":"https:\/\/yoopies.lt\/c\/#website","url":"https:\/\/yoopies.lt\/c\/","name":"Yoopies Lietuva Blog","description":"","publisher":{"@id":"https:\/\/yoopies.lt\/c\/#organization"},"potentialAction":[{"@type":"SearchAction","target":{"@type":"EntryPoint","urlTemplate":"https:\/\/yoopies.lt\/c\/?s={search_term_string}"},"query-input":{"@type":"PropertyValueSpecification","valueRequired":true,"valueName":"search_term_string"}}],"inLanguage":"lt-LT"},{"@type":"Organization","@id":"https:\/\/yoopies.lt\/c\/#organization","name":"Yoopies Lietuva Blog","url":"https:\/\/yoopies.lt\/c\/","logo":{"@type":"ImageObject","inLanguage":"lt-LT","@id":"https:\/\/yoopies.lt\/c\/#\/schema\/logo\/image\/","url":"https:\/\/yoopies.lt\/c\/wp-content\/uploads\/sites\/12\/2025\/05\/cropped-Logo_Yoopies-2.png","contentUrl":"https:\/\/yoopies.lt\/c\/wp-content\/uploads\/sites\/12\/2025\/05\/cropped-Logo_Yoopies-2.png","width":512,"height":512,"caption":"Yoopies Lietuva Blog"},"image":{"@id":"https:\/\/yoopies.lt\/c\/#\/schema\/logo\/image\/"}}]}},"_links":{"self":[{"href":"https:\/\/yoopies.lt\/c\/wp-json\/wp\/v2\/pages\/63","targetHints":{"allow":["GET"]}}],"collection":[{"href":"https:\/\/yoopies.lt\/c\/wp-json\/wp\/v2\/pages"}],"about":[{"href":"https:\/\/yoopies.lt\/c\/wp-json\/wp\/v2\/types\/page"}],"author":[{"embeddable":true,"href":"https:\/\/yoopies.lt\/c\/wp-json\/wp\/v2\/users\/10"}],"replies":[{"embeddable":true,"href":"https:\/\/yoopies.lt\/c\/wp-json\/wp\/v2\/comments?post=63"}],"version-history":[{"count":1,"href":"https:\/\/yoopies.lt\/c\/wp-json\/wp\/v2\/pages\/63\/revisions"}],"predecessor-version":[{"id":67,"href":"https:\/\/yoopies.lt\/c\/wp-json\/wp\/v2\/pages\/63\/revisions\/67"}],"wp:featuredmedia":[{"embeddable":true,"href":"https:\/\/yoopies.lt\/c\/wp-json\/wp\/v2\/media\/66"}],"wp:attachment":[{"href":"https:\/\/yoopies.lt\/c\/wp-json\/wp\/v2\/media?parent=63"}],"curies":[{"name":"wp","href":"https:\/\/api.w.org\/{rel}","templated":true}]}}