{"id":68,"date":"2024-02-19T14:17:18","date_gmt":"2024-02-19T14:17:18","guid":{"rendered":"https:\/\/blog.yoopies.lt\/5-savybes-praverciancios-namu-tvarkytojos-darbe\/"},"modified":"2025-06-12T08:48:23","modified_gmt":"2025-06-12T08:48:23","slug":"5-savybes-praverciancios-namu-tvarkytojos-darbe","status":"publish","type":"page","link":"https:\/\/yoopies.lt\/c\/5-savybes-praverciancios-namu-tvarkytojos-darbe\/","title":{"rendered":"5 savyb\u0117s, praver\u010dian\u010dios nam\u0173 tvarkytojos darbe"},"content":{"rendered":"<p><p>&Scaron;iais daugeliui \u012ftemptais ir greitais laikais laiko lieka vis ma\u017eiau nuo pagrindini\u0173 darb\u0173. Kai kam nam\u0173 tvarkymas tarsi meditacija, min\u010di\u0173 i&scaron;bla&scaron;kymas, o kartu ir fizinis darbas. Ta\u010diau yra nema\u017eai \u017emoni\u0173, kuriems nam\u0173 ruo&scaron;a kelia didel\u012f nepasitenkinim\u0105 ir stres\u0105. O kur dar &scaron;eimos su ma\u017eais vaikais? Da\u017enai tvarka ten neu\u017esib\u016bna, tad papildomos rankos nuo buities i&scaron; ties\u0173 gelb\u0117ja. Pavasaris, ruduo &ndash; lang\u0173 valymo metas. Namuose su dideliais langais tikrai yra k\u0105 veikti. Tokiais atevejais nam\u0173 tvarktyoja &#8211; puiki i&scaron;eitis. <\/p>\n<p>Nusprend\u0117te papildomai u\u017esidirbti teikiant nam\u0173 valymo paslaugas? O gal &scaron;i veikla jums tokia miela ir ie&scaron;kote nam\u0173 tvarkytojos darbo pilnu etatu? Nam\u0173 tvarkytojos darbas gali ir turi b\u016bti jums malonus, o prie&scaron; jo imantis pasitikrinkite, ar turite &scaron;ias 5 savybes, reikalingas tokiam darbui atlikti.<\/p>\n<p class=\"block-img\"><img decoding=\"async\" src=\"https:\/\/yoopies.lt\/c\/wp-content\/uploads\/sites\/12\/2024\/02\/8e350521-1693-4f96-b2ef-60dcafa076f3_Untitleddesign28629.jpg\" alt=\"namu tvarkymas\"><\/p>\n<p>1.&nbsp;&nbsp;&nbsp;&nbsp;&nbsp;&nbsp; Kruop&scaron;tumas. Neabejotinai svarbiausia nam\u0173 tvarkytojos savyb\u0117. U\u017esisak\u0119 nam\u0173 valymo paslaug\u0105 visi iki vieno tikisi &scaron;vari\u0173 ir tvarking\u0173 nam\u0173. Jei pasi\u017eymite kruop&scaron;tumu ir jums nereikia detaliai \u012fvardinti kiekvien\u0105 kampel\u012f, kuriam reikalingas tvarka &#8211; esate puiki(-us) kandidatas. Nesinor\u0117t\u0173 nei jums, nei darbdaviui eiti ir pir&scaron;tu badyti, kurios vietos buvo\/nebuvo tvarkytos ar i&scaron;valytos. Stenkites apgalvoti, kurios vietos namuose grei\u010diausiai ir daugiausiai reikalauja prie\u017ei\u016bros. <\/p>\n<p>2.&nbsp;&nbsp;&nbsp;&nbsp;&nbsp;&nbsp; Efektyvumas ir organizuotumas. Labai svarbu nam\u0173 tvarkytojos darbe yra savo darbo organizavimas. Tai galima priskirti ir kaip vien\u0105 i&scaron; did\u017eiausi\u0173 privalum\u0173 imantis &scaron;io darbo. Pats sau vadovas ir pats sau planuoju dien\u0105, niekas u\u017e nugaros nenurodin\u0117ja, kada ir kaip daryti. J\u016bs\u0173 darbo atlygis priklausys tik kaip greitai ir gerai atliksite darb\u0105. \u017dinoma, kad kiekvieno tempas yra vis kitoks, ta\u010diau tvarkin\u0117jimas neskubant, gali u\u017etrukti begal\u0117s laiko, tailabai neefektyvu. Skirkite laiko apgalvojimui, nuo ko prad\u0117ti, kai dar energijos ir j\u0117g\u0173 yra daug, ir k\u0105 pasilikti pabaigai, kai jau nebereikia tiek pastang\u0173. <\/p>\n<p>3.&nbsp;&nbsp;&nbsp;&nbsp;&nbsp;&nbsp; Planavimas. B\u016btinai prie&scaron; imantis nam\u0173 tvarkytojos darbo detaliai aptarkite su paslaugos pirk\u0117jais ne tik kokias u\u017eduotis reikia atlikti, bet ir kieno priemones naudosite. Galb\u016bt &scaron;eimos su vaikais vengia agresyvi\u0173 valikli\u0173 ir pageidauja, kad b\u016bt\u0173 valoma nat\u016braliomis  priemon\u0117mis pavyzd\u017eiui soda, actu, citrin\u0173 r\u016bg&scaron;timi. Tur\u0117kite su savimi darbo \u012frankius, tokius kaip pir&scaron;tin\u0117s, specialios &scaron;luost\u0117s veidrod\u017eiams, du&scaron;o kabinai, smulk\u0173 &scaron;epetuk\u0105 sunkiai prieinamoms vietoms. Toki\u0173 priemoni\u0173 &scaron;eimininkai gali netur\u0117ti, ta\u010diau jums jie labai pravers, kad darbas eit\u016bsi grei\u010diau ir efektyviau. <\/p>\n<p class=\"block-img\"><img decoding=\"async\" src=\"https:\/\/yoopies.lt\/c\/wp-content\/uploads\/sites\/12\/2024\/02\/82cd681d-5273-4957-91d7-72f48fd2f395_7.jpg\" alt=\"namu tvarkymas\"><\/p>\n<p>&nbsp;4.&nbsp;&nbsp;&nbsp;&nbsp;&nbsp;&nbsp; Bendravimas. Kad ir koki\u0105 teiktum\u0117te paslaug\u0105,  malonus bendravimas gali tapti kertiniu kandidato privalumu. Gali kilti mintis, kokio bendravimo  nam\u0173 tvarkytojai reikia su darbdaviais, jeigu pagrindin\u0117 u\u017eduotis tvarkytis.  Po atlikt\u0173 u\u017eduo\u010di\u0173 nemin\u0117kite &scaron;eimininkams, kad j\u0173 namai buvo siaubingai netvarkingi jei ir tokie buvo, bet b\u016btinai pamin\u0117kite kokius darbus atlikote. Ne visada ir patys darbdaviai \u017eino apie atokiausi\u0173 kampeli\u0173 ne&scaron;varumus, o tai mandagiai pamin\u0117jus, jie atkreips d\u0117mes\u012f ir esant poreikiui i&scaron;sikvies jus v\u0117l. &nbsp;&nbsp;<\/p>\n<p>5.&nbsp;&nbsp;&nbsp;&nbsp;&nbsp;&nbsp;Rekomendacijos. Svarstote kaip grei\u010diau prisitraukti klient\u0173? Pati geriausia reklama &#8211; puikiai atliktas darbas. Pra&scaron;ykite savo darbdavi\u0173 \u012fvertinimo ir rekomendacijos. Rekomendacijas galite lengvai talpinti <a target=\"_blank\" rel=\"noopener\" href=\"https:\/\/www.yoopies.lt\">yoopies.lt<\/a> anketoje, o darbo \u012fvertinim\u0105 tiesiai \u012f j\u016bs\u0173 anket\u0105 galit darbdaviai palikti po paslaugos atlikimo. Atsiliepimus gal\u0117s matyti visi, kurie ie&scaron;ko nam\u0173 tvarkytojos. Dar viena galimyb\u0117 gauti didesn\u012f matomum\u0105 ir pasitik\u0117jim\u0105 ie&scaron;kant nam\u0173 tvarkytojos darbo u\u017esisakyti <a target=\"_blank\" rel=\"noopener\" href=\"https:\/\/www.yoopies.lt\">yoopies.lt<\/a> platformoje profilio patvirtinim\u0105. \u012ek\u0117lus savo asmens dokument\u0105, j\u016bs\u0173 anketa 7 dienoms bus matoma vir&scaron; vis\u0173 kandidat\u0173, na o anketos patvirtinimas bus visam likusiam laikui! Anketos su atsiliepimais ir patvirtintu profiliu, kaip pastebime, sulaukia \u017eymiai daugiau nam\u0173 valymo u\u017eklaus\u0173!<\/p>\n<\/p>\n<p><a class=\"button\" href=\"https:\/\/yoopies.lt\/registration\/housekeeping\">Ie\u0161kote nam\u0173 tvarkytojos darbo? Registruokit\u0117s NEMOKAMAI \u010dia<\/a><\/p>\n","protected":false},"excerpt":{"rendered":"<p>&Scaron;iais daugeliui \u012ftemptais ir greitais laikais laiko lieka vis ma\u017eiau nuo pagrindini\u0173 darb\u0173. Kai kam &hellip; <\/p>\n","protected":false},"author":10,"featured_media":71,"parent":0,"menu_order":0,"comment_status":"closed","ping_status":"closed","template":"","meta":{"_acf_changed":false,"footnotes":""},"class_list":["post-68","page","type-page","status-publish","has-post-thumbnail","hentry"],"acf":[],"yoast_head":"<!-- This site is optimized with the Yoast SEO plugin v26.9 - https:\/\/yoast.com\/product\/yoast-seo-wordpress\/ -->\n<title>5 savyb\u0117s, praver\u010dian\u010dios nam\u0173 tvarkytojos darbe<\/title>\n<meta name=\"description\" content=\"Nusprendus teikti nam\u0173 tvarkymo paslaugas atkreipkite d\u0117mes\u012f \u012f 5 reikalingiausias savybes, praversian\u010dias \u0161iame darbe.\" \/>\n<meta name=\"robots\" content=\"index, follow, max-snippet:-1, max-image-preview:large, max-video-preview:-1\" \/>\n<link rel=\"canonical\" href=\"https:\/\/yoopies.lt\/c\/5-savybes-praverciancios-namu-tvarkytojos-darbe\/\" \/>\n<meta property=\"og:locale\" content=\"lt_LT\" \/>\n<meta property=\"og:type\" content=\"article\" \/>\n<meta property=\"og:title\" content=\"5 savyb\u0117s, praver\u010dian\u010dios nam\u0173 tvarkytojos darbe\" \/>\n<meta property=\"og:description\" content=\"Nusprendus teikti nam\u0173 tvarkymo paslaugas atkreipkite d\u0117mes\u012f \u012f 5 reikalingiausias savybes, praversian\u010dias \u0161iame darbe.\" \/>\n<meta property=\"og:url\" content=\"https:\/\/yoopies.lt\/c\/5-savybes-praverciancios-namu-tvarkytojos-darbe\/\" \/>\n<meta property=\"og:site_name\" content=\"Yoopies Lietuva Blog\" \/>\n<meta property=\"article:modified_time\" content=\"2025-06-12T08:48:23+00:00\" \/>\n<meta property=\"og:image\" content=\"https:\/\/yoopies.lt\/c\/wp-content\/uploads\/sites\/12\/2024\/02\/edf22c30-ee81-4f1f-9ad3-d31532a849d5-untitleddesign28629.jpg\" \/>\n\t<meta property=\"og:image:width\" content=\"1200\" \/>\n\t<meta property=\"og:image:height\" content=\"800\" \/>\n\t<meta property=\"og:image:type\" content=\"image\/jpeg\" \/>\n<meta name=\"twitter:card\" content=\"summary_large_image\" \/>\n<meta name=\"twitter:label1\" content=\"Est. reading time\" \/>\n\t<meta name=\"twitter:data1\" content=\"3 minut\u0117s\" \/>\n<script type=\"application\/ld+json\" class=\"yoast-schema-graph\">{\"@context\":\"https:\/\/schema.org\",\"@graph\":[{\"@type\":\"WebPage\",\"@id\":\"https:\/\/yoopies.lt\/c\/5-savybes-praverciancios-namu-tvarkytojos-darbe\/\",\"url\":\"https:\/\/yoopies.lt\/c\/5-savybes-praverciancios-namu-tvarkytojos-darbe\/\",\"name\":\"5 savyb\u0117s, praver\u010dian\u010dios nam\u0173 tvarkytojos darbe\",\"isPartOf\":{\"@id\":\"https:\/\/yoopies.lt\/c\/#website\"},\"primaryImageOfPage\":{\"@id\":\"https:\/\/yoopies.lt\/c\/5-savybes-praverciancios-namu-tvarkytojos-darbe\/#primaryimage\"},\"image\":{\"@id\":\"https:\/\/yoopies.lt\/c\/5-savybes-praverciancios-namu-tvarkytojos-darbe\/#primaryimage\"},\"thumbnailUrl\":\"https:\/\/yoopies.lt\/c\/wp-content\/uploads\/sites\/12\/2024\/02\/edf22c30-ee81-4f1f-9ad3-d31532a849d5-untitleddesign28629.jpg\",\"datePublished\":\"2024-02-19T14:17:18+00:00\",\"dateModified\":\"2025-06-12T08:48:23+00:00\",\"description\":\"Nusprendus teikti nam\u0173 tvarkymo paslaugas atkreipkite d\u0117mes\u012f \u012f 5 reikalingiausias savybes, praversian\u010dias \u0161iame darbe.\",\"breadcrumb\":{\"@id\":\"https:\/\/yoopies.lt\/c\/5-savybes-praverciancios-namu-tvarkytojos-darbe\/#breadcrumb\"},\"inLanguage\":\"lt-LT\",\"potentialAction\":[{\"@type\":\"ReadAction\",\"target\":[\"https:\/\/yoopies.lt\/c\/5-savybes-praverciancios-namu-tvarkytojos-darbe\/\"]}]},{\"@type\":\"ImageObject\",\"inLanguage\":\"lt-LT\",\"@id\":\"https:\/\/yoopies.lt\/c\/5-savybes-praverciancios-namu-tvarkytojos-darbe\/#primaryimage\",\"url\":\"https:\/\/yoopies.lt\/c\/wp-content\/uploads\/sites\/12\/2024\/02\/edf22c30-ee81-4f1f-9ad3-d31532a849d5-untitleddesign28629.jpg\",\"contentUrl\":\"https:\/\/yoopies.lt\/c\/wp-content\/uploads\/sites\/12\/2024\/02\/edf22c30-ee81-4f1f-9ad3-d31532a849d5-untitleddesign28629.jpg\",\"width\":1200,\"height\":800},{\"@type\":\"BreadcrumbList\",\"@id\":\"https:\/\/yoopies.lt\/c\/5-savybes-praverciancios-namu-tvarkytojos-darbe\/#breadcrumb\",\"itemListElement\":[{\"@type\":\"ListItem\",\"position\":1,\"name\":\"Home\",\"item\":\"https:\/\/yoopies.lt\/c\/\"},{\"@type\":\"ListItem\",\"position\":2,\"name\":\"5 savyb\u0117s, praver\u010dian\u010dios nam\u0173 tvarkytojos darbe\"}]},{\"@type\":\"WebSite\",\"@id\":\"https:\/\/yoopies.lt\/c\/#website\",\"url\":\"https:\/\/yoopies.lt\/c\/\",\"name\":\"Yoopies Lietuva Blog\",\"description\":\"\",\"publisher\":{\"@id\":\"https:\/\/yoopies.lt\/c\/#organization\"},\"potentialAction\":[{\"@type\":\"SearchAction\",\"target\":{\"@type\":\"EntryPoint\",\"urlTemplate\":\"https:\/\/yoopies.lt\/c\/?s={search_term_string}\"},\"query-input\":{\"@type\":\"PropertyValueSpecification\",\"valueRequired\":true,\"valueName\":\"search_term_string\"}}],\"inLanguage\":\"lt-LT\"},{\"@type\":\"Organization\",\"@id\":\"https:\/\/yoopies.lt\/c\/#organization\",\"name\":\"Yoopies Lietuva Blog\",\"url\":\"https:\/\/yoopies.lt\/c\/\",\"logo\":{\"@type\":\"ImageObject\",\"inLanguage\":\"lt-LT\",\"@id\":\"https:\/\/yoopies.lt\/c\/#\/schema\/logo\/image\/\",\"url\":\"https:\/\/yoopies.lt\/c\/wp-content\/uploads\/sites\/12\/2025\/05\/cropped-Logo_Yoopies-2.png\",\"contentUrl\":\"https:\/\/yoopies.lt\/c\/wp-content\/uploads\/sites\/12\/2025\/05\/cropped-Logo_Yoopies-2.png\",\"width\":512,\"height\":512,\"caption\":\"Yoopies Lietuva Blog\"},\"image\":{\"@id\":\"https:\/\/yoopies.lt\/c\/#\/schema\/logo\/image\/\"}}]}<\/script>\n<!-- \/ Yoast SEO plugin. -->","yoast_head_json":{"title":"5 savyb\u0117s, praver\u010dian\u010dios nam\u0173 tvarkytojos darbe","description":"Nusprendus teikti nam\u0173 tvarkymo paslaugas atkreipkite d\u0117mes\u012f \u012f 5 reikalingiausias savybes, praversian\u010dias \u0161iame darbe.","robots":{"index":"index","follow":"follow","max-snippet":"max-snippet:-1","max-image-preview":"max-image-preview:large","max-video-preview":"max-video-preview:-1"},"canonical":"https:\/\/yoopies.lt\/c\/5-savybes-praverciancios-namu-tvarkytojos-darbe\/","og_locale":"lt_LT","og_type":"article","og_title":"5 savyb\u0117s, praver\u010dian\u010dios nam\u0173 tvarkytojos darbe","og_description":"Nusprendus teikti nam\u0173 tvarkymo paslaugas atkreipkite d\u0117mes\u012f \u012f 5 reikalingiausias savybes, praversian\u010dias \u0161iame darbe.","og_url":"https:\/\/yoopies.lt\/c\/5-savybes-praverciancios-namu-tvarkytojos-darbe\/","og_site_name":"Yoopies Lietuva Blog","article_modified_time":"2025-06-12T08:48:23+00:00","og_image":[{"width":1200,"height":800,"url":"https:\/\/yoopies.lt\/c\/wp-content\/uploads\/sites\/12\/2024\/02\/edf22c30-ee81-4f1f-9ad3-d31532a849d5-untitleddesign28629.jpg","type":"image\/jpeg"}],"twitter_card":"summary_large_image","twitter_misc":{"Est. reading time":"3 minut\u0117s"},"schema":{"@context":"https:\/\/schema.org","@graph":[{"@type":"WebPage","@id":"https:\/\/yoopies.lt\/c\/5-savybes-praverciancios-namu-tvarkytojos-darbe\/","url":"https:\/\/yoopies.lt\/c\/5-savybes-praverciancios-namu-tvarkytojos-darbe\/","name":"5 savyb\u0117s, praver\u010dian\u010dios nam\u0173 tvarkytojos darbe","isPartOf":{"@id":"https:\/\/yoopies.lt\/c\/#website"},"primaryImageOfPage":{"@id":"https:\/\/yoopies.lt\/c\/5-savybes-praverciancios-namu-tvarkytojos-darbe\/#primaryimage"},"image":{"@id":"https:\/\/yoopies.lt\/c\/5-savybes-praverciancios-namu-tvarkytojos-darbe\/#primaryimage"},"thumbnailUrl":"https:\/\/yoopies.lt\/c\/wp-content\/uploads\/sites\/12\/2024\/02\/edf22c30-ee81-4f1f-9ad3-d31532a849d5-untitleddesign28629.jpg","datePublished":"2024-02-19T14:17:18+00:00","dateModified":"2025-06-12T08:48:23+00:00","description":"Nusprendus teikti nam\u0173 tvarkymo paslaugas atkreipkite d\u0117mes\u012f \u012f 5 reikalingiausias savybes, praversian\u010dias \u0161iame darbe.","breadcrumb":{"@id":"https:\/\/yoopies.lt\/c\/5-savybes-praverciancios-namu-tvarkytojos-darbe\/#breadcrumb"},"inLanguage":"lt-LT","potentialAction":[{"@type":"ReadAction","target":["https:\/\/yoopies.lt\/c\/5-savybes-praverciancios-namu-tvarkytojos-darbe\/"]}]},{"@type":"ImageObject","inLanguage":"lt-LT","@id":"https:\/\/yoopies.lt\/c\/5-savybes-praverciancios-namu-tvarkytojos-darbe\/#primaryimage","url":"https:\/\/yoopies.lt\/c\/wp-content\/uploads\/sites\/12\/2024\/02\/edf22c30-ee81-4f1f-9ad3-d31532a849d5-untitleddesign28629.jpg","contentUrl":"https:\/\/yoopies.lt\/c\/wp-content\/uploads\/sites\/12\/2024\/02\/edf22c30-ee81-4f1f-9ad3-d31532a849d5-untitleddesign28629.jpg","width":1200,"height":800},{"@type":"BreadcrumbList","@id":"https:\/\/yoopies.lt\/c\/5-savybes-praverciancios-namu-tvarkytojos-darbe\/#breadcrumb","itemListElement":[{"@type":"ListItem","position":1,"name":"Home","item":"https:\/\/yoopies.lt\/c\/"},{"@type":"ListItem","position":2,"name":"5 savyb\u0117s, praver\u010dian\u010dios nam\u0173 tvarkytojos darbe"}]},{"@type":"WebSite","@id":"https:\/\/yoopies.lt\/c\/#website","url":"https:\/\/yoopies.lt\/c\/","name":"Yoopies Lietuva Blog","description":"","publisher":{"@id":"https:\/\/yoopies.lt\/c\/#organization"},"potentialAction":[{"@type":"SearchAction","target":{"@type":"EntryPoint","urlTemplate":"https:\/\/yoopies.lt\/c\/?s={search_term_string}"},"query-input":{"@type":"PropertyValueSpecification","valueRequired":true,"valueName":"search_term_string"}}],"inLanguage":"lt-LT"},{"@type":"Organization","@id":"https:\/\/yoopies.lt\/c\/#organization","name":"Yoopies Lietuva Blog","url":"https:\/\/yoopies.lt\/c\/","logo":{"@type":"ImageObject","inLanguage":"lt-LT","@id":"https:\/\/yoopies.lt\/c\/#\/schema\/logo\/image\/","url":"https:\/\/yoopies.lt\/c\/wp-content\/uploads\/sites\/12\/2025\/05\/cropped-Logo_Yoopies-2.png","contentUrl":"https:\/\/yoopies.lt\/c\/wp-content\/uploads\/sites\/12\/2025\/05\/cropped-Logo_Yoopies-2.png","width":512,"height":512,"caption":"Yoopies Lietuva Blog"},"image":{"@id":"https:\/\/yoopies.lt\/c\/#\/schema\/logo\/image\/"}}]}},"_links":{"self":[{"href":"https:\/\/yoopies.lt\/c\/wp-json\/wp\/v2\/pages\/68","targetHints":{"allow":["GET"]}}],"collection":[{"href":"https:\/\/yoopies.lt\/c\/wp-json\/wp\/v2\/pages"}],"about":[{"href":"https:\/\/yoopies.lt\/c\/wp-json\/wp\/v2\/types\/page"}],"author":[{"embeddable":true,"href":"https:\/\/yoopies.lt\/c\/wp-json\/wp\/v2\/users\/10"}],"replies":[{"embeddable":true,"href":"https:\/\/yoopies.lt\/c\/wp-json\/wp\/v2\/comments?post=68"}],"version-history":[{"count":1,"href":"https:\/\/yoopies.lt\/c\/wp-json\/wp\/v2\/pages\/68\/revisions"}],"predecessor-version":[{"id":72,"href":"https:\/\/yoopies.lt\/c\/wp-json\/wp\/v2\/pages\/68\/revisions\/72"}],"wp:featuredmedia":[{"embeddable":true,"href":"https:\/\/yoopies.lt\/c\/wp-json\/wp\/v2\/media\/71"}],"wp:attachment":[{"href":"https:\/\/yoopies.lt\/c\/wp-json\/wp\/v2\/media?parent=68"}],"curies":[{"name":"wp","href":"https:\/\/api.w.org\/{rel}","templated":true}]}}