{"id":78,"date":"2024-02-19T14:04:47","date_gmt":"2024-02-19T14:04:47","guid":{"rendered":"https:\/\/blog.yoopies.lt\/kaip-surasti-korepetitoriu\/"},"modified":"2025-06-12T08:48:24","modified_gmt":"2025-06-12T08:48:24","slug":"kaip-surasti-korepetitoriu","status":"publish","type":"page","link":"https:\/\/yoopies.lt\/c\/kaip-surasti-korepetitoriu\/","title":{"rendered":"Kaip surasti tinkam\u0105 korepetitori\u0173?"},"content":{"rendered":"<p><p>Nepriklausomai, kokio dalyko korepetitoriaus ie&scaron;kote, &bdquo;Yoopies&ldquo; norime u\u017etikrinti, kad rastum\u0117te tinkamiausi\u0105 korepetitori\u0173 sau ar savo vaikui. Korepetitorius, kuris tur\u0117t\u0173 reikalingas \u017einias ir kvalifikacij\u0105, kad gal\u0117t\u0173 ne tik geriausiai pritaikyti savo \u017einias, bet atitikt\u0173 jums prieinam\u0105 asmenyb\u0117s bei mokymo stili\u0173.  Jei esate vienas i&scaron; t\u0117v\u0173, norintis rasti tinkam\u0105 korepetitori\u0173 savo vaikui, jums reik\u0117s mokytojo, kuris \u012fne&scaron;t\u0173 pasitik\u0117jimo savimi ir sudomint\u0173. Pasirinkti korepetitori\u0173, kuris tenkint\u0173 j\u016bs\u0173 individualius poreikius, gali b\u016bti sud\u0117tinga, tod\u0117l svarbu nuodugniai per\u017ei\u016br\u0117ti korepetitoriaus mokymo stili\u0173, patirt\u012f ir \u012fg\u016bd\u017eius.  Nor\u0117dami pad\u0117ti rasti jums tinkamiausi\u0105 korepetitori\u0173, sudar\u0117me svarbiausi\u0173 patarim\u0173 s\u0105ra&scaron;\u0105&#8230;<\/p>\n<\/p>\n<figure><img decoding=\"async\" src=\"https:\/\/yoopies.lt\/c\/wp-content\/uploads\/sites\/12\/2024\/02\/c87b2ac60eefb13267979ac0f816597a94c7955f-shutterstock-459789073.jpg\" \/><\/figure>\n<p><h2><strong>I&scaron;sigryninkite savo tikslus<\/strong><\/h2>\n<p>Renkantis korepetitori\u0173, svarbu i&scaron;sigryninti savo tikslus. Pirmiausia tur\u0117tum\u0117te apsvarstyti &scaron;iuos klausimus:<\/p>\n<p>Kokiu tikslu nusprend\u0117te mokytis pasirinkto dalyko? Ar jums reikia gilinti turimas \u017einas, ar norite i&scaron;mokti ka\u017eka naujo? Kur planuojate pritaikyti \u012fgytas \u017einias?<\/p>\n<p>Koks mokymosi b\u016bdas &scaron;iuo metu jums yra priimtiniausias? Geriausiai \u012fsisavinate informacij\u0105 skaitydami, klausydami, jud\u0117dami? Ar turite specifin\u012f mokymosi stili\u0173? Patogiau jau\u010diat\u0117s, kai mokytojas yra vyras ar moteris?<\/p>\n<p>Koks yra j\u016bs\u0173 mokymosi biud\u017eetas? Kiek galite tam skirti laiko? Svarbu \u012fsivertinti savo galimybes ir nustatyti realius l\u016bkes\u010dius.<\/p>\n<h4><\/h4>\n<h2><strong>\u012esivertinkite visus variantus<\/strong><\/h2>\n<p>Prie&scaron; priimant sprendim\u0105, pasidom\u0117kite korepetitoriais, kuriuos galb\u016bt gali rekomenduoti j\u016bs\u0173 d\u0117stytojai ar j\u016bs\u0173 vaik\u0173 mokytojai. Jie gal\u0117t\u0173 jums pad\u0117ti \u012fsivertinti lygi bei mokymosi spragas.<\/p>\n<p>&bdquo;Yoopies&ldquo; galite <a target=\"_blank\" rel=\"noopener\" href=\"https:\/\/yoopies.lt\/korepetitoriai\">ie&scaron;koti u\u017esiregistravusi\u0173 korepetitori\u0173<\/a>, per\u017ei\u016br\u0117ti j\u0173 rekomendacijas bei atsiliepimus.<\/p>\n<p>Klauskite savo draug\u0173 ir pa\u017e\u012fstam\u0173 rekomendacij\u0173. Visuomet pravartu i&scaron;siklausin\u0117ti aplinkini\u0173 ir tokiu b\u016bdu i&scaron;sirinkti galb\u016bt labiau patikim\u0105 korepetitori\u0173.<\/p>\n<h4><\/h4>\n<h2><strong>Kaina<\/strong><\/h2>\n<p>Da\u017enai korepetitori\u0173 \u012fkainis yra lemiamas veiksnys, atsirandantis ie&scaron;kant tinkamo varianto. Taip pat verta nepamir&scaron;ti, kad kaina priklauso ir nuo to, ar mokymas vyks nuotoliniu b\u016bdu ar susitikus gyvai. Skaitykite daugiau apie <a href=\"https:\/\/yoopies.lt\/c\/nuotolinis-mokymasis-ar-mokymasis-gyvai\">nuotolinio mokymosi ir mokymosi gyvai skirtumus ir ypatumus<\/a>.<\/p>\n<p>Apart kainos, tur\u0117tum\u0117te apsvarstyti &scaron;iuos aspektus:<\/p>\n<p><strong>Kokios yra atsiskaitymo s\u0105lygos?<\/strong><\/p>\n<p>Renkantis korepetitori\u0173, svarbu i&scaron;siai&scaron;kinti, kaip j\u016bs\u0173 mokytojas priima mok\u0117jim\u0105 ir kada nor\u0117t\u0173, kad jam b\u016bt\u0173 mokama. Kai kurie korepetitoriai priima tik grynuosius pinigus po kiekvienos sesijos, tuo tarpu kiti gali reikalauti, kad sumok\u0117tum\u0117te u\u017e kelias pamokas i&scaron; anksto, arba m\u0117nesio pabaigoje jums papras\u010diausiai pateiks s\u0105skait\u0105.<\/p>\n<p><strong>Kokios yra pamokos at&scaron;aukimo s\u0105lygos? <\/strong><\/p>\n<p>Paprastai korepetitoriai yra gan\u0117tinai lankst\u016bs ir daugeliui reikia prane&scaron;ti apie at&scaron;aukim\u0105 ar pakeitimus tik 24 valandos iki pamokos prad\u017eios. Ta\u010diau svarbu sutarti at&scaron;aukimo termina i&scaron; anksto, kad b\u016bt\u0173 i&scaron;vengta papildom\u0173 mokes\u010di\u0173.<\/p>\n<p><strong>\u012esivertinkite korepetitorius<\/strong><\/p>\n<p>Mes rekomenduojame visada patikrinti korepetitori\u0173 duomenis, u\u017eduoti klausimus ir susitarti d\u0117l susitikimo su savo pasirinktais korepetitoriais, kad \u012fsitikintum\u0117te, jog pasirinkote mokytoj\u0105, kurio \u012fg\u016bd\u017eiai atitinka j\u016bs\u0173 reikalavimus. Keletas svarbi\u0173 klausim\u0173, \u012f kuriuos reik\u0117t\u0173 atsi\u017evelgti:<\/p>\n<p>&#8211; Kokia j\u016bs\u0173 kvalifikacija? Pasidom\u0117kite, ar korepetitorius turi atitinkam\u0105 kvalifikacij\u0105 j\u016bs\u0173 lygiui mokyti.<\/p>\n<p>&#8211; Kokia j\u016bs\u0173 mokymo patirtis? Geriausia, jei korepetitorius turi patirties mokydamas pana&scaron;aus am\u017eiaus grup\u0117s vaikus ar pana&scaron;ios specialyb\u0117s, jeigu, pavyzd\u017eiui, mokot\u0117s universitete.<\/p>\n<p>&#8211; Kaip vertinate savo mokinio ar studento poreikius? Ar korepetitorius atlieka testus, analizuoja j\u016bs\u0173 darbus ar kt., siekiant \u012fvertinti j\u016bs\u0173 mokymosi spragas.<\/p>\n<p>&#8211; Koks j\u016bs\u0173 prieinamumas? Labai svarbu, kad korpetitorius atitikt\u0173 j\u016bs\u0173 tvarkara&scaron;t\u012f.<\/p>\n<p>&#8211; Kur vyksta pamokos? Korepetitoriai gali mokyti savo namuose, aplankyti jus j\u016bs\u0173 namuose ar vesti pamokas internetu.<\/p>\n<p>&#8211; Kaip manote, kiek kiek laiko u\u017etruks i&scaron;mokti tam tikr\u0105 dalyk\u0105? Suradus korepetitori\u0173, svarbu i&scaron; anksto \u012fsivertinti mokymosi trukm\u0119, tiek d\u0117l l\u016bkes\u010di\u0173 valdymo, tiek d\u0117l planuojam\u0173 investicij\u0173.<\/p>\n<p>&#8211; Kiek kainuoja korepetitorius? Mokymosi i&scaron;laidos labai skiriasi ir priklauso nuo korepetitoriaus kvalifikacijos, patirties, d\u0117stomosios med\u017eiagos, ar mokymas vyks nuotoliniu b\u016bdu ar gyvo susitikimo metu ir kt.<\/p>\n<p>&#8211; Kokie j\u016bs\u0173 pasiekimai, mokant kitus mokinius? \u012esivertinkite, kokia j\u016bs\u0173 pasirinkto korepetitoriaus s\u0117km\u0117, mokant ankstensius klientus.<\/p>\n<p>&#8211; Ar turite rekomendacij\u0173? Rekomendacijos paprastai padeda jums \u012fsivertinti pasirinkto korepetitoriaus patikimum\u0105 bei kvalifikacij\u0105.<\/p>\n<h3><\/h3>\n<p>Jeigu nuspr\u0119site surasti ir u\u017esakyti korepetitoriaus paslaugas per internetin\u0119 mokymo platform\u0105, kaip <a target=\"_blank\" rel=\"noopener\" href=\"https:\/\/yoopies.lt\/korepetitoriai\">Yoopies<\/a>, min\u0117t\u0105 informacij\u0105 paprastai galite rasti korepetitoriaus profilyje.<\/p>\n<\/p>\n<h2><strong>Steb\u0117kite savo pa\u017eang\u0105<\/strong><\/h2>\n<p><strong>Suradus tinkam\u0105 korepetitori\u0173<\/strong>, rekomenduojame skirti sau laiko \u012fsivertinti, ar jums korepetitoriaus mokymo metodai bei asmenyb\u0117 yra i&scaron; tikr\u0173j\u0173 tinkami ir priimtini.<\/p>\n<p>Taip pat nepamir&scaron;kite steb\u0117ti savo pa\u017eang\u0105. Jei jau\u010diate, kad j\u016bs\u0173 mokytojas neatitinka j\u016bs\u0173 poreiki\u0173, nebijokite su jais aptarti savo min\u010di\u0173 ir suteikti jiems galimyb\u0119 pritaikyti savo po\u017ei\u016br\u012f. Jei po kurio laiko manote, kad tai neveikia, tur\u0117tum\u0117te prad\u0117ti ie&scaron;koti kito d\u0117stytojo.<\/p>\n<\/p>\n<p><em>Suprantame, kaip yra svarbu rasti ger\u0105 korepetitori\u0173, kuri puikiai atitikt\u0173 j\u016bs\u0173 reikalavimus ir mokymosi stili\u0173. Tod\u0117l <a target=\"_blank\" rel=\"noopener\" href=\"https:\/\/yoopies.lt\/korepetitoriai\">Yoopies<\/a> platfomoje galite susiaurinti savo paie&scaron;k\u0105 filtr\u0173 pagalb\u0105. Tiesiog apsilankykite m\u016bs\u0173 <a target=\"_blank\" rel=\"noopener\" href=\"https:\/\/yoopies.lt\/korepetitoriai\">korepetitoriaus paie&scaron;kos puslapyje <\/a>ir \u012fveskite savo miest\u0105 arba pa&scaron;to kod\u0105. Tuomet gal\u0117site matyti korepetitorius savo gyvenviet\u0117je, kurie atitikt\u0173 j\u016bs\u0173 ie&scaron;kom\u0105 dalyk\u0105 bei pageidaujam\u0105 mokymosi lyg\u012f.<\/em><\/p>\n<\/p>\n<p><a class=\"button\" href=\"https:\/\/yoopies.lt\/korepetitoriai\">IE\u0160KOTI KOREPETITORIAUS!<\/a><\/p>\n","protected":false},"excerpt":{"rendered":"<p>Nepriklausomai, kokio dalyko korepetitoriaus ie&scaron;kote, &bdquo;Yoopies&ldquo; norime u\u017etikrinti, kad rastum\u0117te tinkamiausi\u0105 korepetitori\u0173 sau ar savo &hellip; <\/p>\n","protected":false},"author":10,"featured_media":80,"parent":0,"menu_order":0,"comment_status":"closed","ping_status":"closed","template":"","meta":{"_acf_changed":false,"footnotes":""},"class_list":["post-78","page","type-page","status-publish","has-post-thumbnail","hentry"],"acf":[],"yoast_head":"<!-- This site is optimized with the Yoast SEO plugin v26.9 - https:\/\/yoast.com\/product\/yoast-seo-wordpress\/ -->\n<title>Kaip surasti korepetitori\u0173? Ie\u0161kau korepetitoriaus<\/title>\n<meta name=\"description\" content=\"Nesvarbu, ar ie\u0161kote matematikos korepetitoriaus, angl\u0173 kalbos korepetitoriaus ar pianino mokytojo, raskite vis\u0105 informacij\u0105, kaip ie\u0161koti korepetitoriaus!\" \/>\n<meta name=\"robots\" content=\"index, follow, max-snippet:-1, max-image-preview:large, max-video-preview:-1\" \/>\n<link rel=\"canonical\" href=\"https:\/\/yoopies.lt\/c\/kaip-surasti-korepetitoriu\/\" \/>\n<meta property=\"og:locale\" content=\"lt_LT\" \/>\n<meta property=\"og:type\" content=\"article\" \/>\n<meta property=\"og:title\" content=\"Kaip surasti korepetitori\u0173? Ie\u0161kau korepetitoriaus\" \/>\n<meta property=\"og:description\" content=\"Nesvarbu, ar ie\u0161kote matematikos korepetitoriaus, angl\u0173 kalbos korepetitoriaus ar pianino mokytojo, raskite vis\u0105 informacij\u0105, kaip ie\u0161koti korepetitoriaus!\" \/>\n<meta property=\"og:url\" content=\"https:\/\/yoopies.lt\/c\/kaip-surasti-korepetitoriu\/\" \/>\n<meta property=\"og:site_name\" content=\"Yoopies Lietuva Blog\" \/>\n<meta property=\"article:modified_time\" content=\"2025-06-12T08:48:24+00:00\" \/>\n<meta property=\"og:image\" content=\"https:\/\/yoopies.lt\/c\/wp-content\/uploads\/sites\/12\/2024\/02\/yoopies-cms2f6cf4bde5-d320-4d48-b4f7-5f1d554d720c-shutterstock-383456896-ld.jpg\" \/>\n\t<meta property=\"og:image:width\" content=\"1200\" \/>\n\t<meta property=\"og:image:height\" content=\"1258\" \/>\n\t<meta property=\"og:image:type\" content=\"image\/jpeg\" \/>\n<meta name=\"twitter:card\" content=\"summary_large_image\" \/>\n<meta name=\"twitter:label1\" content=\"Est. reading time\" \/>\n\t<meta name=\"twitter:data1\" content=\"4 minut\u0117s\" \/>\n<script type=\"application\/ld+json\" class=\"yoast-schema-graph\">{\"@context\":\"https:\/\/schema.org\",\"@graph\":[{\"@type\":\"WebPage\",\"@id\":\"https:\/\/yoopies.lt\/c\/kaip-surasti-korepetitoriu\/\",\"url\":\"https:\/\/yoopies.lt\/c\/kaip-surasti-korepetitoriu\/\",\"name\":\"Kaip surasti korepetitori\u0173? Ie\u0161kau korepetitoriaus\",\"isPartOf\":{\"@id\":\"https:\/\/yoopies.lt\/c\/#website\"},\"primaryImageOfPage\":{\"@id\":\"https:\/\/yoopies.lt\/c\/kaip-surasti-korepetitoriu\/#primaryimage\"},\"image\":{\"@id\":\"https:\/\/yoopies.lt\/c\/kaip-surasti-korepetitoriu\/#primaryimage\"},\"thumbnailUrl\":\"https:\/\/yoopies.lt\/c\/wp-content\/uploads\/sites\/12\/2024\/02\/yoopies-cms2f6cf4bde5-d320-4d48-b4f7-5f1d554d720c-shutterstock-383456896-ld.jpg\",\"datePublished\":\"2024-02-19T14:04:47+00:00\",\"dateModified\":\"2025-06-12T08:48:24+00:00\",\"description\":\"Nesvarbu, ar ie\u0161kote matematikos korepetitoriaus, angl\u0173 kalbos korepetitoriaus ar pianino mokytojo, raskite vis\u0105 informacij\u0105, kaip ie\u0161koti korepetitoriaus!\",\"breadcrumb\":{\"@id\":\"https:\/\/yoopies.lt\/c\/kaip-surasti-korepetitoriu\/#breadcrumb\"},\"inLanguage\":\"lt-LT\",\"potentialAction\":[{\"@type\":\"ReadAction\",\"target\":[\"https:\/\/yoopies.lt\/c\/kaip-surasti-korepetitoriu\/\"]}]},{\"@type\":\"ImageObject\",\"inLanguage\":\"lt-LT\",\"@id\":\"https:\/\/yoopies.lt\/c\/kaip-surasti-korepetitoriu\/#primaryimage\",\"url\":\"https:\/\/yoopies.lt\/c\/wp-content\/uploads\/sites\/12\/2024\/02\/yoopies-cms2f6cf4bde5-d320-4d48-b4f7-5f1d554d720c-shutterstock-383456896-ld.jpg\",\"contentUrl\":\"https:\/\/yoopies.lt\/c\/wp-content\/uploads\/sites\/12\/2024\/02\/yoopies-cms2f6cf4bde5-d320-4d48-b4f7-5f1d554d720c-shutterstock-383456896-ld.jpg\",\"width\":1200,\"height\":1258},{\"@type\":\"BreadcrumbList\",\"@id\":\"https:\/\/yoopies.lt\/c\/kaip-surasti-korepetitoriu\/#breadcrumb\",\"itemListElement\":[{\"@type\":\"ListItem\",\"position\":1,\"name\":\"Home\",\"item\":\"https:\/\/yoopies.lt\/c\/\"},{\"@type\":\"ListItem\",\"position\":2,\"name\":\"Kaip surasti tinkam\u0105 korepetitori\u0173?\"}]},{\"@type\":\"WebSite\",\"@id\":\"https:\/\/yoopies.lt\/c\/#website\",\"url\":\"https:\/\/yoopies.lt\/c\/\",\"name\":\"Yoopies Lietuva Blog\",\"description\":\"\",\"publisher\":{\"@id\":\"https:\/\/yoopies.lt\/c\/#organization\"},\"potentialAction\":[{\"@type\":\"SearchAction\",\"target\":{\"@type\":\"EntryPoint\",\"urlTemplate\":\"https:\/\/yoopies.lt\/c\/?s={search_term_string}\"},\"query-input\":{\"@type\":\"PropertyValueSpecification\",\"valueRequired\":true,\"valueName\":\"search_term_string\"}}],\"inLanguage\":\"lt-LT\"},{\"@type\":\"Organization\",\"@id\":\"https:\/\/yoopies.lt\/c\/#organization\",\"name\":\"Yoopies Lietuva Blog\",\"url\":\"https:\/\/yoopies.lt\/c\/\",\"logo\":{\"@type\":\"ImageObject\",\"inLanguage\":\"lt-LT\",\"@id\":\"https:\/\/yoopies.lt\/c\/#\/schema\/logo\/image\/\",\"url\":\"https:\/\/yoopies.lt\/c\/wp-content\/uploads\/sites\/12\/2025\/05\/cropped-Logo_Yoopies-2.png\",\"contentUrl\":\"https:\/\/yoopies.lt\/c\/wp-content\/uploads\/sites\/12\/2025\/05\/cropped-Logo_Yoopies-2.png\",\"width\":512,\"height\":512,\"caption\":\"Yoopies Lietuva Blog\"},\"image\":{\"@id\":\"https:\/\/yoopies.lt\/c\/#\/schema\/logo\/image\/\"}}]}<\/script>\n<!-- \/ Yoast SEO plugin. -->","yoast_head_json":{"title":"Kaip surasti korepetitori\u0173? Ie\u0161kau korepetitoriaus","description":"Nesvarbu, ar ie\u0161kote matematikos korepetitoriaus, angl\u0173 kalbos korepetitoriaus ar pianino mokytojo, raskite vis\u0105 informacij\u0105, kaip ie\u0161koti korepetitoriaus!","robots":{"index":"index","follow":"follow","max-snippet":"max-snippet:-1","max-image-preview":"max-image-preview:large","max-video-preview":"max-video-preview:-1"},"canonical":"https:\/\/yoopies.lt\/c\/kaip-surasti-korepetitoriu\/","og_locale":"lt_LT","og_type":"article","og_title":"Kaip surasti korepetitori\u0173? Ie\u0161kau korepetitoriaus","og_description":"Nesvarbu, ar ie\u0161kote matematikos korepetitoriaus, angl\u0173 kalbos korepetitoriaus ar pianino mokytojo, raskite vis\u0105 informacij\u0105, kaip ie\u0161koti korepetitoriaus!","og_url":"https:\/\/yoopies.lt\/c\/kaip-surasti-korepetitoriu\/","og_site_name":"Yoopies Lietuva Blog","article_modified_time":"2025-06-12T08:48:24+00:00","og_image":[{"width":1200,"height":1258,"url":"https:\/\/yoopies.lt\/c\/wp-content\/uploads\/sites\/12\/2024\/02\/yoopies-cms2f6cf4bde5-d320-4d48-b4f7-5f1d554d720c-shutterstock-383456896-ld.jpg","type":"image\/jpeg"}],"twitter_card":"summary_large_image","twitter_misc":{"Est. reading time":"4 minut\u0117s"},"schema":{"@context":"https:\/\/schema.org","@graph":[{"@type":"WebPage","@id":"https:\/\/yoopies.lt\/c\/kaip-surasti-korepetitoriu\/","url":"https:\/\/yoopies.lt\/c\/kaip-surasti-korepetitoriu\/","name":"Kaip surasti korepetitori\u0173? Ie\u0161kau korepetitoriaus","isPartOf":{"@id":"https:\/\/yoopies.lt\/c\/#website"},"primaryImageOfPage":{"@id":"https:\/\/yoopies.lt\/c\/kaip-surasti-korepetitoriu\/#primaryimage"},"image":{"@id":"https:\/\/yoopies.lt\/c\/kaip-surasti-korepetitoriu\/#primaryimage"},"thumbnailUrl":"https:\/\/yoopies.lt\/c\/wp-content\/uploads\/sites\/12\/2024\/02\/yoopies-cms2f6cf4bde5-d320-4d48-b4f7-5f1d554d720c-shutterstock-383456896-ld.jpg","datePublished":"2024-02-19T14:04:47+00:00","dateModified":"2025-06-12T08:48:24+00:00","description":"Nesvarbu, ar ie\u0161kote matematikos korepetitoriaus, angl\u0173 kalbos korepetitoriaus ar pianino mokytojo, raskite vis\u0105 informacij\u0105, kaip ie\u0161koti korepetitoriaus!","breadcrumb":{"@id":"https:\/\/yoopies.lt\/c\/kaip-surasti-korepetitoriu\/#breadcrumb"},"inLanguage":"lt-LT","potentialAction":[{"@type":"ReadAction","target":["https:\/\/yoopies.lt\/c\/kaip-surasti-korepetitoriu\/"]}]},{"@type":"ImageObject","inLanguage":"lt-LT","@id":"https:\/\/yoopies.lt\/c\/kaip-surasti-korepetitoriu\/#primaryimage","url":"https:\/\/yoopies.lt\/c\/wp-content\/uploads\/sites\/12\/2024\/02\/yoopies-cms2f6cf4bde5-d320-4d48-b4f7-5f1d554d720c-shutterstock-383456896-ld.jpg","contentUrl":"https:\/\/yoopies.lt\/c\/wp-content\/uploads\/sites\/12\/2024\/02\/yoopies-cms2f6cf4bde5-d320-4d48-b4f7-5f1d554d720c-shutterstock-383456896-ld.jpg","width":1200,"height":1258},{"@type":"BreadcrumbList","@id":"https:\/\/yoopies.lt\/c\/kaip-surasti-korepetitoriu\/#breadcrumb","itemListElement":[{"@type":"ListItem","position":1,"name":"Home","item":"https:\/\/yoopies.lt\/c\/"},{"@type":"ListItem","position":2,"name":"Kaip surasti tinkam\u0105 korepetitori\u0173?"}]},{"@type":"WebSite","@id":"https:\/\/yoopies.lt\/c\/#website","url":"https:\/\/yoopies.lt\/c\/","name":"Yoopies Lietuva Blog","description":"","publisher":{"@id":"https:\/\/yoopies.lt\/c\/#organization"},"potentialAction":[{"@type":"SearchAction","target":{"@type":"EntryPoint","urlTemplate":"https:\/\/yoopies.lt\/c\/?s={search_term_string}"},"query-input":{"@type":"PropertyValueSpecification","valueRequired":true,"valueName":"search_term_string"}}],"inLanguage":"lt-LT"},{"@type":"Organization","@id":"https:\/\/yoopies.lt\/c\/#organization","name":"Yoopies Lietuva Blog","url":"https:\/\/yoopies.lt\/c\/","logo":{"@type":"ImageObject","inLanguage":"lt-LT","@id":"https:\/\/yoopies.lt\/c\/#\/schema\/logo\/image\/","url":"https:\/\/yoopies.lt\/c\/wp-content\/uploads\/sites\/12\/2025\/05\/cropped-Logo_Yoopies-2.png","contentUrl":"https:\/\/yoopies.lt\/c\/wp-content\/uploads\/sites\/12\/2025\/05\/cropped-Logo_Yoopies-2.png","width":512,"height":512,"caption":"Yoopies Lietuva Blog"},"image":{"@id":"https:\/\/yoopies.lt\/c\/#\/schema\/logo\/image\/"}}]}},"_links":{"self":[{"href":"https:\/\/yoopies.lt\/c\/wp-json\/wp\/v2\/pages\/78","targetHints":{"allow":["GET"]}}],"collection":[{"href":"https:\/\/yoopies.lt\/c\/wp-json\/wp\/v2\/pages"}],"about":[{"href":"https:\/\/yoopies.lt\/c\/wp-json\/wp\/v2\/types\/page"}],"author":[{"embeddable":true,"href":"https:\/\/yoopies.lt\/c\/wp-json\/wp\/v2\/users\/10"}],"replies":[{"embeddable":true,"href":"https:\/\/yoopies.lt\/c\/wp-json\/wp\/v2\/comments?post=78"}],"version-history":[{"count":1,"href":"https:\/\/yoopies.lt\/c\/wp-json\/wp\/v2\/pages\/78\/revisions"}],"predecessor-version":[{"id":81,"href":"https:\/\/yoopies.lt\/c\/wp-json\/wp\/v2\/pages\/78\/revisions\/81"}],"wp:featuredmedia":[{"embeddable":true,"href":"https:\/\/yoopies.lt\/c\/wp-json\/wp\/v2\/media\/80"}],"wp:attachment":[{"href":"https:\/\/yoopies.lt\/c\/wp-json\/wp\/v2\/media?parent=78"}],"curies":[{"name":"wp","href":"https:\/\/api.w.org\/{rel}","templated":true}]}}